INSERT INTO _pages (page_site_id, page_code, page_language, page_title, page_uri, page_presentation, page_menu_position, page_article_code, page_product, page_collection, page_secured, page_article_parent) VALUES (@site_id, 'page_methods_2', 'en', 'Methods & Practices Will', 'methods-and-practices-will', 'article', NULL, 'page_methods_2', '0', '0', NULL, NULL);
INSERT INTO _pages (page_site_id, page_code, page_language, page_title, page_uri, page_presentation, page_menu_position, page_article_code, page_product, page_collection, page_secured, page_article_parent) VALUES (@site_id, 'page_methods_3', 'en', 'Methods & Practices Heart', 'methods-and-practices-heart', 'article', NULL, 'page_methods_3', '0', '0', NULL, NULL);
INSERT INTO _pages (page_site_id, page_code, page_language, page_title, page_uri, page_presentation, page_menu_position, page_article_code, page_product, page_collection, page_secured, page_article_parent) VALUES (@site_id, 'page_methods_4', 'en', 'Methods & Practices Intellect', 'methods-and-practices-intellect', 'article', NULL, 'page_methods_4', '0', '0', NULL, NULL);
INSERT INTO _pages (page_site_id, page_code, page_language, page_title, page_uri, page_presentation, page_menu_position, page_article_code, page_product, page_collection, page_secured, page_article_parent) VALUES (@site_id, 'page_methods_5', 'en', 'Methods & Practices Soul', 'methods-and-practices-soul', 'article', NULL, 'page_methods_5', '0', '0', NULL, NULL);
INSERT INTO _pages (page_site_id, page_code, page_language, page_title, page_uri, page_presentation, page_menu_position, page_article_code, page_product, page_collection, page_secured, page_article_parent) VALUES (@site_id, 'page_methods_6', 'en', 'Methods & Practices Spirit', 'methods-and-practices-spirit', 'article', NULL, 'page_methods_6', '0', '0', NULL, NULL);
INSERT INTO _pages (page_site_id, page_code, page_language, page_title, page_uri, page_presentation, page_menu_position, page_article_code, page_product, page_collection, page_secured, page_article_parent) VALUES (@site_id, 'page_spring', 'en', 'Spring, the season of renewal', 'spring-the-season-of-renewal', 'article', NULL, 'page_spring', '0', '0', NULL, NULL);
INSERT INTO _pages (page_site_id, page_code, page_language, page_title, page_uri, page_presentation, page_menu_position, page_article_code, page_product, page_collection, page_secured, page_article_parent) VALUES (@site_id, 'page_time', 'en', 'TIME AND SPIRITUAL LIFE', 'time-and-spiritual-life', 'article', NULL, 'page_time', '0', '0', NULL, NULL);
INSERT INTO _pages (page_site_id, page_code, page_language, page_title, page_uri, page_presentation, page_menu_position, page_article_code, page_product, page_collection, page_secured, page_article_parent) VALUES (@site_id, 'papeterie_collection', 'en', 'Posters, Calendars, Diaries', 'posters-calendars-diaries', 'product', NULL, 'papeterie_collection', '0', '0', '0', NULL);
INSERT INTO _pages (page_site_id, page_code, page_language, page_title, page_uri, page_presentation, page_menu_position, page_article_code, page_product, page_collection, page_secured, page_article_parent) VALUES (@site_id, 'PQ2015AN', 'en', 'Daily Meditations 2015', 'daily-meditations-2015_PQ2015AN', 'product', NULL, NULL, '1', '0', NULL, NULL);
INSERT INTO _pages (page_site_id, page_code, page_language, page_title, page_uri, page_presentation, page_menu_position, page_article_code, page_product, page_collection, page_secured, page_article_parent) VALUES (@site_id, 'pq_collection', 'en', 'Daily meditations collection', 'daily-meditations-collection', 'article', NULL, 'pq_collection', '0', '0', '0', NULL);
INSERT INTO _pages (page_site_id, page_code, page_language, page_title, page_uri, page_presentation, page_menu_position, page_article_code, page_product, page_collection, page_secured, page_article_parent) VALUES (@site_id, 'privacy-policy', 'en', 'Privacy policy', 'privacy-policy', 'article', NULL, 'privacy-policy', '0', '0', '0', NULL);
INSERT INTO _pages (page_site_id, page_code, page_language, page_title, page_uri, page_presentation, page_menu_position, page_article_code, page_product, page_collection, page_secured, page_article_parent) VALUES (@site_id, 'reincarnation_0', 'en', 'A BELIEF IN REINCARNATION', 'a-belief-in-reincarnation', 'article', NULL, 'reincarnation_0', '0', '0', NULL, NULL);
INSERT INTO _pages (page_site_id, page_code, page_language, page_title, page_uri, page_presentation, page_menu_position, page_article_code, page_product, page_collection, page_secured, page_article_parent) VALUES (@site_id, 'reincarnation_1', 'en', 'THE LOST DOCTRINE REVEALED', 'the-lost-doctrine-revealed', 'article', NULL, 'reincarnation_1', '0', '0', NULL, NULL);
INSERT INTO _pages (page_site_id, page_code, page_language, page_title, page_uri, page_presentation, page_menu_position, page_article_code, page_product, page_collection, page_secured, page_article_parent) VALUES (@site_id, 'reincarnation_2', 'en', 'THE PROMISE OF REINCARNATION', 'the-promise-of-reincarnation', 'article', NULL, 'reincarnation_2', '0', '0', NULL, NULL);
INSERT INTO _pages (page_site_id, page_code, page_language, page_title, page_uri, page_presentation, page_menu_position, page_article_code, page_product, page_collection, page_secured, page_article_parent) VALUES (@site_id, 'reincarnation_3', 'en', 'THE REINCARNATION IN THE NATURE', 'the-reincarnation-in-the-nature', 'article', NULL, 'reincarnation_3', '0', '0', NULL, NULL);
INSERT INTO _pages (page_site_id, page_code, page_language, page_title, page_uri, page_presentation, page_menu_position, page_article_code, page_product, page_collection, page_secured, page_article_parent) VALUES (@site_id, 'seed_light_01', 'en', 'Seed of Light - Day 1', 'seed-of-light-day-1', 'article', NULL, 'seed_light_01', '0', '0', '0', 'blog_SEED_LIGHT');
INSERT INTO _pages (page_site_id, page_code, page_language, page_title, page_uri, page_presentation, page_menu_position, page_article_code, page_product, page_collection, page_secured, page_article_parent) VALUES (@site_id, 'shop', 'en', 'Our bookstore', 'our-bookstore', 'product', NULL, 'shop', '0', '0', '0', NULL);
INSERT INTO _pages (page_site_id, page_code, page_language, page_title, page_uri, page_presentation, page_menu_position, page_article_code, page_product, page_collection, page_secured, page_article_parent) VALUES (@site_id, 'stani_collection', 'en', 'Stani collection', 'stani-collection', 'article', NULL, 'stani_collection', '0', '0', '0', NULL);
INSERT INTO _pages (page_site_id, page_code, page_language, page_title, page_uri, page_presentation, page_menu_position, page_article_code, page_product, page_collection, page_secured, page_article_parent) VALUES (@site_id, 'subscriptions', 'en', 'Subscriptions', 'subscriptions', 'article', NULL, 'subscriptions', '0', '0', NULL, NULL);
INSERT INTO _pages (page_site_id, page_code, page_language, page_title, page_uri, page_presentation, page_menu_position, page_article_code, page_product, page_collection, page_secured, page_article_parent) VALUES (@site_id, 'synopsis_collection', 'en', 'Synopsis collection', 'synopsis-collection', 'article', NULL, 'synopsis_collection', '0', '0', '0', NULL);
INSERT INTO _pages (page_site_id, page_code, page_language, page_title, page_uri, page_presentation, page_menu_position, page_article_code, page_product, page_collection, page_secured, page_article_parent) VALUES (@site_id, 'T1001AN', 'en', 'The Life of a Master in the West', 'the-life-of-a-master-in-the-west', 'product', NULL, NULL, '1', '0', NULL, NULL);
INSERT INTO _pages (page_site_id, page_code, page_language, page_title, page_uri, page_presentation, page_menu_position, page_article_code, page_product, page_collection, page_secured, page_article_parent) VALUES (@site_id, 'testimonies-collection', 'en', 'Testimonies collection', 'testimonies-collection', 'article', NULL, 'testimonies-collection', '0', '0', '0', NULL);
INSERT INTO _pages (page_site_id, page_code, page_language, page_title, page_uri, page_presentation, page_menu_position, page_article_code, page_product, page_collection, page_secured, page_article_parent) VALUES (@site_id, 'themes', 'en', 'Major themes', 'major-themes', 'article', NULL, 'themes', '0', '0', '0', NULL);
INSERT INTO _pages (page_site_id, page_code, page_language, page_title, page_uri, page_presentation, page_menu_position, page_article_code, page_product, page_collection, page_secured, page_article_parent) VALUES (@site_id, 'theme_alchemy', 'en', 'ALCHEMY', 'alchemy', 'article', NULL, 'theme_alchemy', '0', '0', '0', NULL);
INSERT INTO _pages (page_site_id, page_code, page_language, page_title, page_uri, page_presentation, page_menu_position, page_article_code, page_product, page_collection, page_secured, page_article_parent) VALUES (@site_id, 'theme_astrology', 'en', 'ASTROLOGY', 'astrology', 'article', NULL, 'theme_astrology', '0', '0', '0', 'catalogue_themes');
INSERT INTO _pages (page_site_id, page_code, page_language, page_title, page_uri, page_presentation, page_menu_position, page_article_code, page_product, page_collection, page_secured, page_article_parent) VALUES (@site_id, 'theme_bakhti', 'en', 'BAKHTI YOGA, YOGA OF THE DEVOTION', 'bakhti-yoga-yoga-of-the-devotion', 'article', NULL, 'theme_bakhti', '0', '0', '0', 'catalogue_themes');
INSERT INTO _pages (page_site_id, page_code, page_language, page_title, page_uri, page_presentation, page_menu_position, page_article_code, page_product, page_collection, page_secured, page_article_parent) VALUES (@site_id, 'theme_cabbalah', 'en', 'CABBALAH', 'cabbalah', 'article', NULL, 'theme_cabbalah', '0', '0', '0', 'catalogue_themes');
INSERT INTO _pages (page_site_id, page_code, page_language, page_title, page_uri, page_presentation, page_menu_position, page_article_code, page_product, page_collection, page_secured, page_article_parent) VALUES (@site_id, 'theme_chakras', 'en', 'CHAKRAS', 'chakras', 'article', NULL, 'theme_chakras', '0', '0', '0', 'catalogue_themes');
INSERT INTO _pages (page_site_id, page_code, page_language, page_title, page_uri, page_presentation, page_menu_position, page_article_code, page_product, page_collection, page_secured, page_article_parent) VALUES (@site_id, 'theme_education', 'en', 'EDUCATION & PRENATALITY', 'education-and-prenatality', 'article', NULL, 'theme_education', '0', '0', '0', 'catalogue_themes');
INSERT INTO _pages (page_site_id, page_code, page_language, page_title, page_uri, page_presentation, page_menu_position, page_article_code, page_product, page_collection, page_secured, page_article_parent) VALUES (@site_id, 'theme_happiness', 'en', 'HAPPINESS', 'happiness', 'article', NULL, 'theme_happiness', '0', '0', '0', NULL);
INSERT INTO _pages (page_site_id, page_code, page_language, page_title, page_uri, page_presentation, page_menu_position, page_article_code, page_product, page_collection, page_secured, page_article_parent) VALUES (@site_id, 'theme_health', 'en', 'HEALTH', 'health', 'article', NULL, 'theme_health', '0', '0', '0', 'catalogue_themes');
INSERT INTO _pages (page_site_id, page_code, page_language, page_title, page_uri, page_presentation, page_menu_position, page_article_code, page_product, page_collection, page_secured, page_article_parent) VALUES (@site_id, 'theme_laws', 'en', 'MORAL LAWS', 'moral-laws', 'article', NULL, 'theme_laws', '0', '0', '0', 'catalogue_themes');
INSERT INTO _pages (page_site_id, page_code, page_language, page_title, page_uri, page_presentation, page_menu_position, page_article_code, page_product, page_collection, page_secured, page_article_parent) VALUES (@site_id, 'theme_light', 'en', 'LIGHT', 'light', 'article', NULL, 'theme_light', '0', '0', '0', 'catalogue_themes');
INSERT INTO _pages (page_site_id, page_code, page_language, page_title, page_uri, page_presentation, page_menu_position, page_article_code, page_product, page_collection, page_secured, page_article_parent) VALUES (@site_id, 'theme_love', 'en', 'LOVE AND SEXUALITY', 'love-and-sexuality', 'article', NULL, 'theme_love', '0', '0', '0', NULL);
INSERT INTO _pages (page_site_id, page_code, page_language, page_title, page_uri, page_presentation, page_menu_position, page_article_code, page_product, page_collection, page_secured, page_article_parent) VALUES (@site_id, 'theme_magic', 'en', 'MAGIC & ART', 'magic-and-art', 'article', NULL, 'theme_magic', '0', '0', '0', 'catalogue_themes');
INSERT INTO _pages (page_site_id, page_code, page_language, page_title, page_uri, page_presentation, page_menu_position, page_article_code, page_product, page_collection, page_secured, page_article_parent) VALUES (@site_id, 'theme_meditation', 'en', 'MEDITATION', 'theme_meditation', 'article', NULL, 'theme_meditation', '0', '0', '0', 'catalogue_themes');
INSERT INTO _pages (page_site_id, page_code, page_language, page_title, page_uri, page_presentation, page_menu_position, page_article_code, page_product, page_collection, page_secured, page_article_parent) VALUES (@site_id, 'theme_methods', 'en', 'METHODS - PRACTICES', 'methods-practices', 'article', NULL, 'theme_methods', '0', '0', '0', 'catalogue_themes');
INSERT INTO _pages (page_site_id, page_code, page_language, page_title, page_uri, page_presentation, page_menu_position, page_article_code, page_product, page_collection, page_secured, page_article_parent) VALUES (@site_id, 'theme_nutrition', 'en', 'HRANY YOGA, YOGA OF NUTRITION', 'hrany-yoga-yoga-of-nutrition', 'article', NULL, 'theme_nutrition', '0', '0', '0', 'catalogue_themes');
INSERT INTO _pages (page_site_id, page_code, page_language, page_title, page_uri, page_presentation, page_menu_position, page_article_code, page_product, page_collection, page_secured, page_article_parent) VALUES (@site_id, 'theme_psychology', 'en', 'PSYCHOLOGY', 'psychology', 'article', NULL, 'theme_psychology', '0', '0', '0', 'catalogue_themes');
INSERT INTO _pages (page_site_id, page_code, page_language, page_title, page_uri, page_presentation, page_menu_position, page_article_code, page_product, page_collection, page_secured, page_article_parent) VALUES (@site_id, 'theme_sun', 'en', 'SURYA YOGA, YOGA OF THE SUN', 'surya-yoga-yoga-of-the-sun', 'article', NULL, 'theme_sun', '0', '0', '0', 'catalogue_themes');
INSERT INTO _pages (page_site_id, page_code, page_language, page_title, page_uri, page_presentation, page_menu_position, page_article_code, page_product, page_collection, page_secured, page_article_parent) VALUES (@site_id, 'theme_symbolism', 'en', 'SYMBOLISM', 'symbolism', 'article', NULL, 'theme_symbolism', '0', '0', '0', 'catalogue_themes');
INSERT INTO _pages (page_site_id, page_code, page_language, page_title, page_uri, page_presentation, page_menu_position, page_article_code, page_product, page_collection, page_secured, page_article_parent) VALUES (@site_id, 'theme_wisdom', 'en', 'JNANA YOGA, YOGA OF WISDOM', 'jnana-yoga-yoga-of-wisdom', 'article', NULL, 'theme_wisdom', '0', '0', '0', 'catalogue_themes');
INSERT INTO _pages (page_site_id, page_code, page_language, page_title, page_uri, page_presentation, page_menu_position, page_article_code, page_product, page_collection, page_secured, page_article_parent) VALUES (@site_id, 'thought', 'en', 'Thought of the day', 'thought-of-the-day', 'thought', NULL, 'thought', '0', '0', '0', NULL);
INSERT INTO _pages (page_site_id, page_code, page_language, page_title, page_uri, page_presentation, page_menu_position, page_article_code, page_product, page_collection, page_secured, page_article_parent) VALUES (@site_id, 'thoughtindex', 'en', 'Index of Daily Meditations', 'index-of-daily-meditations', 'thoughtindex', NULL, 'thoughtindex', '0', '0', NULL, NULL);
INSERT INTO _pages (page_site_id, page_code, page_language, page_title, page_uri, page_presentation, page_menu_position, page_article_code, page_product, page_collection, page_secured, page_article_parent) VALUES (@site_id, 'thoughtoftheday', 'en', 'Thoughts', 'thoughts', 'thought', NULL, 'thoughtoftheday', '0', '0', '0', NULL);
INSERT INTO _pages (page_site_id, page_code, page_language, page_title, page_uri, page_presentation, page_menu_position, page_article_code, page_product, page_collection, page_secured, page_article_parent) VALUES (@site_id, 'videos_youtube2', 'en', 'Clips video', 'clips-video', 'max-width', NULL, 'videos_youtube2', '0', '0', '0', NULL);
INSERT INTO _pages (page_site_id, page_code, page_language, page_title, page_uri, page_presentation, page_menu_position, page_article_code, page_product, page_collection, page_secured, page_article_parent) VALUES (@site_id, 'video_cf', 'en', 'Published Video Lectures', 'published-video-lectures', 'article', NULL, 'video_cf', '0', '0', NULL, NULL);
DELETE FROM _presentations WHERE presentation_site_id=@site_id;
INSERT INTO _presentations (presentation_site_id, presentation_name, presentation_view, presentation_submenu, presentation_ZL1, presentation_ZL2, presentation_ZR1, presentation_ZR2, presentation_header, presentation_footer) VALUES (@site_id, 'article', 'page_hf', 'None', 'None', 'None', 'None', 'None', 'header_article', 'footer_site');
INSERT INTO _presentations (presentation_site_id, presentation_name, presentation_view, presentation_submenu, presentation_ZL1, presentation_ZL2, presentation_ZR1, presentation_ZR2, presentation_header, presentation_footer) VALUES (@site_id, 'collection', 'page_hf', 'None', 'newsletters_part_03', 'None', 'None', 'None', 'header_product', 'footer_site');
INSERT INTO _presentations (presentation_site_id, presentation_name, presentation_view, presentation_submenu, presentation_ZL1, presentation_ZL2, presentation_ZR1, presentation_ZR2, presentation_header, presentation_footer) VALUES (@site_id, 'Home', 'page_hf', 'None', 'None', 'None', 'None', 'None', 'header_home', 'footer_site');
INSERT INTO _presentations (presentation_site_id, presentation_name, presentation_view, presentation_submenu, presentation_ZL1, presentation_ZL2, presentation_ZR1, presentation_ZR2, presentation_header, presentation_footer) VALUES (@site_id, 'max-width', 'page_hf', 'None', 'None', 'None', 'None', 'None', 'header_article', 'footer_site');
INSERT INTO _presentations (presentation_site_id, presentation_name, presentation_view, presentation_submenu, presentation_ZL1, presentation_ZL2, presentation_ZR1, presentation_ZR2, presentation_header, presentation_footer) VALUES (@site_id, 'newsletter-mail', 'mail', 'None', 'None', 'None', 'None', 'None', 'header_newsletter', 'footer_mailing');
INSERT INTO _presentations (presentation_site_id, presentation_name, presentation_view, presentation_submenu, presentation_ZL1, presentation_ZL2, presentation_ZR1, presentation_ZR2, presentation_header, presentation_footer) VALUES (@site_id, 'order', 'page_hf', 'None', 'None', 'None', 'None', 'None', 'header_nosearch', 'footer_site');
INSERT INTO _presentations (presentation_site_id, presentation_name, presentation_view, presentation_submenu, presentation_ZL1, presentation_ZL2, presentation_ZR1, presentation_ZR2, presentation_header, presentation_footer) VALUES (@site_id, 'post', 'page_hf', 'None', 'None', 'None', 'None', 'None', 'header_article', 'footer_site');
INSERT INTO _presentations (presentation_site_id, presentation_name, presentation_view, presentation_submenu, presentation_ZL1, presentation_ZL2, presentation_ZR1, presentation_ZR2, presentation_header, presentation_footer) VALUES (@site_id, 'product', 'page_hf', 'None', 'None', 'None', 'None', 'None', 'header_product', 'footer_site');
INSERT INTO _presentations (presentation_site_id, presentation_name, presentation_view, presentation_submenu, presentation_ZL1, presentation_ZL2, presentation_ZR1, presentation_ZR2, presentation_header, presentation_footer) VALUES (@site_id, 'search', 'page_hf', 'None', 'None', 'None', 'None', 'None', 'header_results', 'footer_site');
INSERT INTO _presentations (presentation_site_id, presentation_name, presentation_view, presentation_submenu, presentation_ZL1, presentation_ZL2, presentation_ZR1, presentation_ZR2, presentation_header, presentation_footer) VALUES (@site_id, 'simple', 'page_1', 'None', 'None', 'None', 'None', 'None', 'None', 'footer_site');
INSERT INTO _presentations (presentation_site_id, presentation_name, presentation_view, presentation_submenu, presentation_ZL1, presentation_ZL2, presentation_ZR1, presentation_ZR2, presentation_header, presentation_footer) VALUES (@site_id, 'thought', 'page_hf', 'None', 'None', 'None', 'None', 'None', 'header_nosearch', 'footer_site');
INSERT INTO _presentations (presentation_site_id, presentation_name, presentation_view, presentation_submenu, presentation_ZL1, presentation_ZL2, presentation_ZR1, presentation_ZR2, presentation_header, presentation_footer) VALUES (@site_id, 'thoughtindex', 'page_hf', 'None', 'None', 'None', 'None', 'None', 'header_nosearch', 'footer_site');
DELETE FROM _products WHERE product_site_id=@site_id;
INSERT INTO _products (product_id, product_collection_id, product_topic_id, product_country_id, product_language_id, product_reference, product_author, product_name, product_code, product_title, product_description, product_summary, product_contents, product_year, product_isbn, product_image_small, product_image_large, product_sound, product_video, product_video2, product_availability, product_promotion, product_republication, product_fullref, product_codeinterne, product_cptview, product_cptsale, product_periodview, product_periodsale, product_cptbook, product_electrelink, product_distributors, product_amazon, product_pagedescription, product_keywords, product_type, product_hasflipping, product_hasaudio, product_hasvideo, product_writer_id, product_extratitle, product_site_id, product_language, product_width, product_digital, product_digitaltype, product_altref, product_altreference, product_label) VALUES ('775', '7', '0', '0', '6', 'AU0224', NULL, NULL, 'AN', 'The Powers of Thought - Boxed Set', '1 audiobook CD plus 1 printed book (230 pages) in a beautiful custom box', 'The full unabridged book \"The Powers of Thought\"\\nplus a 63-minute audiobook CD of significant extracts, read by Joseph Moscolo and mixed with Bulgarian sacred songs.', '1. The Reality of Spiritual Work\\r\\n2. How thought materializes on the physical plane\\r\\n3. The power of concentrated thought\\r\\n4. Foundations of meditation\\r\\n5. Reaching for the unattainable\\r\\n\\r\\n<center>Includes Bulgarian sacred songs</center>\\r\\n<div style=\"text-align: center;\">Extract from the chapter <strong>\'How thought materializes on the physical plane\'</strong><br>\\r\\n <audio controls>\\r\\n    <source src=\"https://www.prosveta.fr/resources/sites/5/medias/AU224AN.mp3\" type=\"audio/mpeg\">\\r\\nYour browser does not support the audio element.\\r\\n</audio></div', '2005', NULL, '/images/products/images_small/AU0224AN.png', '/images/products/images_large/AU0224AN.png', NULL, NULL, NULL, '0', '0', NULL, 'AU0224AN', 'AU224AN', '212353', '42', '212348', '0', '1074', NULL, NULL, NULL, NULL, NULL, 'media', '0', '0', '0', '0', '(Audiobook and Printed Book)', @site_id, 'en', NULL, '0', NULL, 'AU0224AN 224AN AU224AN 224', NULL, NULL);
INSERT INTO _products (product_id, product_collection_id, product_topic_id, product_country_id, product_language_id, product_reference, product_author, product_name, product_code, product_title, product_description, product_summary, product_contents, product_year, product_isbn, product_image_small, product_image_large, product_sound, product_video, product_video2, product_availability, product_promotion, product_republication, product_fullref, product_codeinterne, product_cptview, product_cptsale, product_periodview, product_periodsale, product_cptbook, product_electrelink, product_distributors, product_amazon, product_pagedescription, product_keywords, product_type, product_hasflipping, product_hasaudio, product_hasvideo, product_writer_id, product_extratitle, product_site_id, product_language, product_width, product_digital, product_digitaltype, product_altref, product_altreference, product_label) VALUES ('1578', '7', '0', '0', '6', 'DN7010', NULL, NULL, 'AN', 'Intuition, a faculty of our higher self - DVD NTSC', 'Video lecture in French – Subtitles in 14 languages - DVD NTSC - Lenght: 42’ 20’’', '‘The faculties of the mind and the heart are essential to us, but they are not enough. To guide us on all the paths of life, we need to develop a third faculty that only our higher self possesses: intuition. The intuition is similar to the mind in that it is a form of intelligence, and it is similar to the heart in that it is a form of sensation, but here the intelligence and the sensation are situated in the higher realms of the soul and the spirit. By mastering our thoughts and feelings, we will one day truly know beings and things.’', '<strong>Lecture in French  –  Subtitles in 14 languages:</strong>\\r\\nБългарски / Česky / Deutsch / Ελληνικά / English / Español / Italiano / Magyar / Nederlands / Polski / Português/ Pycckuй / Română / Türkçe', '2016', NULL, '/images/products/images_small/DN7010AN.png', '/images/products/images_large/DN7010AN.png', NULL, NULL, 'dp7010en.flv', '0', '0', NULL, 'DN7010AN', 'DN7010AN', '356', '0', '356', '0', '0', NULL, '|596|600|', NULL, '‘The faculties of the mind and the heart are essential to us, but they are not enough. To guide us on all the paths of life, we need to...', NULL, 'media', '0', '0', '1', '0', 'NEW CONFERENCE!', @site_id, 'en', '14', '0', NULL, 'DN7010AN 7010AN DN7010AN 7010', NULL, NULL);
INSERT INTO _products (product_id, product_collection_id, product_topic_id, product_country_id, product_language_id, product_reference, product_author, product_name, product_code, product_title, product_description, product_summary, product_contents, product_year, product_isbn, product_image_small, product_image_large, product_sound, product_video, product_video2, product_availability, product_promotion, product_republication, product_fullref, product_codeinterne, product_cptview, product_cptsale, product_periodview, product_periodsale, product_cptbook, product_electrelink, product_distributors, product_amazon, product_pagedescription, product_keywords, product_type, product_hasflipping, product_hasaudio, product_hasvideo, product_writer_id, product_extratitle, product_site_id, product_language, product_width, product_digital, product_digitaltype, product_altref, product_altreference, product_label) VALUES ('1621', '3', '0', '0', '6', 'P0244', NULL, NULL, 'AN', '‘Walk While You Have the Light’', '198 pages', '‘Life is a long chain of moments that have to be lived with awareness one after the other.\\r\\nAll the efforts you make are recorded in the book of life, on high, and thanks to these efforts, many, many blessings are being prepared for you. When you receive them and you ask, “Why am I receiving these presents?”, you will be told, “Because, as a result of your work, you have risen to the regions of light, and you have also brought light and peace to beings who were in darkness and distress.”\\r\\nThere is nothing more I can tell you. Keep walking the path of light. And what will be at the end of the path? You will find out when you arrive, and you will be dazzled.’', '1 - So you will never again have to say, ‘If only I had known’\\r\\n2 - ‘Do not let your left hand know what your right hand is doing’\\r\\n<i>I - The symbolism of right and left\\r\\nII - The two hands of God</i>\\r\\n3 - The programme for the day and the programme for eternity\\r\\n4 - ‘Do not worry about tomorrow’\\r\\n5 - Only the present belongs to us\\r\\n6 - Before the sun goes down\\r\\n7 - Passing over to the next world\\r\\n8 - Unlimited life\\r\\n9 - The meaning of funeral rites\\r\\n10 - Our relationship to our family spirits\\r\\n11 - What is God’s will?\\r\\n12 - Serving the divine Principle\\r\\n13 - Climbing to the Lord’s altar\\r\\n14 - Keep walking!\\r\\n15 - On the threshold of a new year', '2017', '978-2-8184-0436-2', '/images/products/images_small/P0244AN.png', '/images/products/images_large/P0244AN.png', NULL, NULL, NULL, '0', '0', NULL, 'P0244AN', 'P244AN', '1163', '3', '1163', '0', '281', NULL, NULL, NULL, 'Keep walking the path of light. And what will be at the end of the path? You will find out when you arrive, and you will be dazzled.', NULL, 'book', '1', '0', '0', '0', ' - NEW RELEASE !', @site_id, 'en', '11', '0', NULL, 'P0244AN 244AN P244AN 244', NULL, NULL);
INSERT INTO _products (product_id, product_collection_id, product_topic_id, product_country_id, product_language_id, product_reference, product_author, product_name, product_code, product_title, product_description, product_summary, product_contents, product_year, product_isbn, product_image_small, product_image_large, product_sound, product_video, product_video2, product_availability, product_promotion, product_republication, product_fullref, product_codeinterne, product_cptview, product_cptsale, product_periodview, product_periodsale, product_cptbook, product_electrelink, product_distributors, product_amazon, product_pagedescription, product_keywords, product_type, product_hasflipping, product_hasaudio, product_hasvideo, product_writer_id, product_extratitle, product_site_id, product_language, product_width, product_digital, product_digitaltype, product_altref, product_altreference, product_label) VALUES ('948', '7', '0', '0', '6', 'CD0224', NULL, NULL, 'AN', 'The Powers of Thought  - <font color=red>The Audio Book</font>', 'AUDIO BOOK on CD with 5 essential chapters of the best seller \"The Powers of Thought.\" Read by the famous Joseph Moscolo. Duration 63 min. Bulgarian sacred songs included.', '1. The Reality of Spiritual Work \\n2. How Thought Materializes on the Physical Plane \\n3. The Power of Concentrated Thought \\n4. Foundations of Meditation \\n5. Reaching for the Unattainable \\n\\nBulgarian sacred songs included', NULL, '2010', NULL, '/images/products/images_small/CD0224AN.jpg', '/images/products/images_large/CD0224AN.jpg', NULL, NULL, NULL, '0', '1', NULL, 'CD0224AN', 'CD224AN', '206360', '28', '206360', '0', '2', NULL, '|600|', NULL, NULL, NULL, 'media', '0', '0', '0', '0', NULL, @site_id, 'en', '14', '0', NULL, 'CD0224AN 224AN CD224AN 224', NULL, NULL);
INSERT INTO _products (product_id, product_collection_id, product_topic_id, product_country_id, product_language_id, product_reference, product_author, product_name, product_code, product_title, product_description, product_summary, product_contents, product_year, product_isbn, product_image_small, product_image_large, product_sound, product_video, product_video2, product_availability, product_promotion, product_republication, product_fullref, product_codeinterne, product_cptview, product_cptsale, product_periodview, product_periodsale, product_cptbook, product_electrelink, product_distributors, product_amazon, product_pagedescription, product_keywords, product_type, product_hasflipping, product_hasaudio, product_hasvideo, product_writer_id, product_extratitle, product_site_id, product_language, product_width, product_digital, product_digitaltype, product_altref, product_altreference, product_label) VALUES ('1087', '1', '0', '0', '6', 'AB0001', NULL, NULL, 'AN', 'A Living Book', '471 pages - Size:148 x 210 mm - 14 photos', 'Artists create works that are external to themselves using external materials; they concentrate their efforts on this external matter, and they create marvels. But I will say that, for me, true artists are those who are able to take themselves, first and foremost, as their creative matter. All the methods of the spiritual life are available to them to help and inspire them in this task. \\r\\nIn the psychic world, we can be musicians, poets, architects, sculptors, etc. The work done by disciples of Initiatic Science includes all the arts. What a discovery it was for me, the day I understood that I could work on matter which was not foreign to me – my own matter. That is why I only work at writing my own book, that is to say, myself. I have never written anything other than the book that is me. You will say, ‘But what about the books we read?’ I don’t write them, I have entrusted this work to certain people. My task is only to write my own book, and when I speak I do so in the knowledge that I am also writing. Yes, when I speak I am striving to print heavenly writings on your souls\\r\\n', '1- The mysterious pathways of destiny.\\r\\n2- A childhood in the mountains of Macedonia.\\r\\n3- Life in Varna, beside the Black Sea.\\r\\n4- Apprenticeships.\\r\\n5- The experience of fire.\\r\\n6- Into the heart of the rose.\\r\\n7- The universal symphony.\\r\\n8- Meeting Master Peter Deunov - The revelations of Psalm.\\r\\n9- ‘Frantsia’, France.\\r\\n10- No prison can confine the spirit.\\r\\n11- A year in India: February 1959 – February.\\r\\n12- I am a child of the sun.\\r\\n13- Between speech and silence.\\r\\n14- I just write my own book.\\r\\n15- All creation speaks to me, and I speak to it.\\r\\n16- An ideal of fraternal life.\\r\\n17- All I want is for you to be free.\\r\\n18- Others help you through me.\\r\\n19- Only the unattainable is real.\\r\\nAddenda\\r\\n', '2011', '978-2-85566-989-2', '/images/products/images_small/AB001AN.jpg', '/images/products/images_large/AB0001AN.png', NULL, NULL, NULL, '0', '0', NULL, 'AB0001AN', 'AB01AN', '32960', '58', '32960', '0', '3615', NULL, NULL, NULL, 'My task is only to write my own book, and when I speak I do so in the knowledge that I am also writing.', NULL, 'book', '1', '0', '0', '0', '- Autobiographical Reflections - Vol 1', @site_id, 'en', '14.8', '0', NULL, 'AB0001AN 1AN AB1AN 101AN AB01AN', NULL, NULL);
INSERT INTO _products (product_id, product_collection_id, product_topic_id, product_country_id, product_language_id, product_reference, product_author, product_name, product_code, product_title, product_description, product_summary, product_contents, product_year, product_isbn, product_image_small, product_image_large, product_sound, product_video, product_video2, product_availability, product_promotion, product_republication, product_fullref, product_codeinterne, product_cptview, product_cptsale, product_periodview, product_periodsale, product_cptbook, product_electrelink, product_distributors, product_amazon, product_pagedescription, product_keywords, product_type, product_hasflipping, product_hasaudio, product_hasvideo, product_writer_id, product_extratitle, product_site_id, product_language, product_width, product_digital, product_digitaltype, product_altref, product_altreference, product_label) VALUES ('1394', '7', '0', '0', '6', 'DN7008', NULL, NULL, 'AN', ' 	DVD NTSC - Artistic creation – surpassing oneself', 'Video lecture in French – Subtitles in 13 languages - DVD NTSC - Lenght: 69’', '‘In the future, priority will be given to artists, because the true artist is at once priest, philosopher and scientist. Yes, the role of the artist is to produce on the physical level what the intelligence understands to be true and the heart feels to be good, so that the higher world, the world of the Spirit, can come down to incarnate in matter.’', '<b>Subtitles in 13 languages:</b>\\r\\nČesky / Deutsch / Ελληνικά / English / Español /\\r\\nFrançais / Italiano / Magyar / Nederlands / Polski / Português/ Pycckuй / Română', '2014', NULL, '/images/products/images_small/DN7008AN.png', '/images/products/images_large/DN7008AN.png', NULL, NULL, 'dp7008en.flv', '0', '0', NULL, 'DN7008AN', 'DVD7008AN', '1596', '0', '1596', '0', '2', NULL, '|596|600|', NULL, '‘In the future, priority will be given to artists, because the true artist is at once priest, philosopher and scientist...\'', NULL, 'media', '0', '0', '1', '0', NULL, @site_id, 'en', '14', '0', NULL, 'DN7008AN 7008AN DN7008AN 7008', NULL, NULL);
INSERT INTO _products (product_id, product_collection_id, product_topic_id, product_country_id, product_language_id, product_reference, product_author, product_name, product_code, product_title, product_description, product_summary, product_contents, product_year, product_isbn, product_image_small, product_image_large, product_sound, product_video, product_video2, product_availability, product_promotion, product_republication, product_fullref, product_codeinterne, product_cptview, product_cptsale, product_periodview, product_periodsale, product_cptbook, product_electrelink, product_distributors, product_amazon, product_pagedescription, product_keywords, product_type, product_hasflipping, product_hasaudio, product_hasvideo, product_writer_id, product_extratitle, product_site_id, product_language, product_width, product_digital, product_digitaltype, product_altref, product_altreference, product_label) VALUES ('1390', '1', '0', '0', '6', 'AB0002', NULL, NULL, 'AN', 'Life with the Master Peter Deunov', '448 pages - Size:148 x 210 mm - 14 photos ', '\'Even if the words of a spiritual Master can be contained in books, paper books would never be enough for him. He is himself a living book, and he needs his disciples to become living books too. First of all, he writes on them; in their head and heart he sows the seeds of his Teaching in the hope that one day they will bear fruit throughout the world. So, the Master wrote a book which no one but he could have written: me. Yes, I am a book he wrote.\\r\\nThe earth is so far from the sun! But the distance does not stop the sun from writing on the earth, and this writing is the stones, plants, animals and humans it gives its light, warmth and life to. Like the sun, the Master wrote on me from afar. He wrote thousands and thousands of pages, and they are now all brought together in the book that is me. Then, one day, he said to me, ‘Now, you are ready; you can leave.’', 'I An inspiring encounter - II A prophet confronted by the Church - III The clarity of the spiritual world - IV The eternal student - V Izgrev, in Sofia - VI The first lessons of the mountain: Vitocha - VII What does it mean to have a Master? - VIII Masters and disciples weave the threads of life together - IX Riddles to be solved - X Tarnovo - XI ‘Continue to work in the three worlds’ - XII ‘Where all human beings live as brothers and sisters’ - XIII Summer in the Rila mountains - XIV In the kingdom of living nature - XV In the alchemical furnace - XVI ‘You are made to work with women’ - XVII ‘I possess a jewel of inestimable value’', '2014', '978-2-8184-0185-9', '/images/products/images_small/AB0002AN.png', '/images/products/images_large/AB0002AN.png', NULL, NULL, NULL, '0', '0', NULL, 'AB0002AN', 'AB02AN', '2817', '6', '2817', '0', '934', NULL, NULL, NULL, 'NEW RELEASE! The second volume about the Life of the Master Aïvanhov with his Master Peter Deunov in Bulgaria.', NULL, 'book', '1', '0', '0', '0', '- Autobiographical Reflections - Vol 2', @site_id, 'en', '14.8', '0', NULL, 'AB0002AN 2AN AB2AN 202AN AB02AN', NULL, NULL);
INSERT INTO _products (product_id, product_collection_id, product_topic_id, product_country_id, product_language_id, product_reference, product_author, product_name, product_code, product_title, product_description, product_summary, product_contents, product_year, product_isbn, product_image_small, product_image_large, product_sound, product_video, product_video2, product_availability, product_promotion, product_republication, product_fullref, product_codeinterne, product_cptview, product_cptsale, product_periodview, product_periodsale, product_cptbook, product_electrelink, product_distributors, product_amazon, product_pagedescription, product_keywords, product_type, product_hasflipping, product_hasaudio, product_hasvideo, product_writer_id, product_extratitle, product_site_id, product_language, product_width, product_digital, product_digitaltype, product_altref, product_altreference, product_label) VALUES ('898', '7', '0', '0', '6', 'B0401', NULL, NULL, 'AN', 'The Divine Seed  (Sunbeam Collection)', 'Audio CD with brochure - Lecture read in English by Omraam Mikhaël Aïvanhov - 24 pages - 138 x 138 mm', NULL, '\'A seed is nothing other than a living being who ceaselessly calls upon the forces and materials of the Cosmos so as to be able to accomplish its task. And its task is to resemble the tree that produced it. The Creator put into the seed the vocation to resemble its father, the tree; that\'s why, once planted - unless it\'s defective - all of work will go in the direction of this vocation, taking from among the elements around it those which suit it, relinquishing the others, and it\'s in this way that it will come to express all the tendencies indicated in the diagram which it carries within it.\\r\\nThe same thing applies to man. Since God created man in His image, he has the possibility, by developing himself correctly, of becoming like his Heavenly Father.\'', '2007', '978-2-85566-952-6', '/images/products/images_small/401AN.png', '/images/products/images_large/B0401AN.png', NULL, NULL, NULL, '0', '1', NULL, 'B0401AN', 'B401AN', '22895', '61', '22892', '0', '2', NULL, NULL, NULL, NULL, NULL, 'media', '0', '1', '0', '0', NULL, @site_id, 'en', NULL, '0', NULL, 'B0401AN 401AN B401AN 401', NULL, NULL);
INSERT INTO _products (product_id, product_collection_id, product_topic_id, product_country_id, product_language_id, product_reference, product_author, product_name, product_code, product_title, product_description, product_summary, product_contents, product_year, product_isbn, product_image_small, product_image_large, product_sound, product_video, product_video2, product_availability, product_promotion, product_republication, product_fullref, product_codeinterne, product_cptview, product_cptsale, product_periodview, product_periodsale, product_cptbook, product_electrelink, product_distributors, product_amazon, product_pagedescription, product_keywords, product_type, product_hasflipping, product_hasaudio, product_hasvideo, product_writer_id, product_extratitle, product_site_id, product_language, product_width, product_digital, product_digitaltype, product_altref, product_altreference, product_label) VALUES ('899', '7', '0', '0', '6', 'B0402', NULL, NULL, 'AN', 'Reincarnation (Sunbeam Collection)', '2 audio CDs with brochure - Lecture read in English by Omraam Mikhaël Aïvanhov - 48 pages - 138 x 138 mm', NULL, '‘Belief in reincarnation is one of the cornerstones of morality. As long as human beings are unaware that the law of cause and effect is operative from one incarnation to the next, no amount of sermonizing will persuade them to change their ways. But once they know that the difficulties and trials they encounter in life are the direct result of faults committed in a previous life, not only can they accept them as just, but they start to work for good so as to be sure that their future incarnations will be better.’', '2007', '978-2-85566-953-3', '/images/products/images_small/402AN.png', '/images/products/images_large/B0402AN.png', NULL, NULL, NULL, '0', '0', NULL, 'B0402AN', 'B402AN', '21239', '56', '21233', '0', '2', NULL, NULL, NULL, NULL, NULL, 'media', '0', '1', '0', '0', NULL, @site_id, 'en', NULL, '0', NULL, 'B0402AN 402AN B402AN 402', NULL, NULL);
INSERT INTO _products (product_id, product_collection_id, product_topic_id, product_country_id, product_language_id, product_reference, product_author, product_name, product_code, product_title, product_description, product_summary, product_contents, product_year, product_isbn, product_image_small, product_image_large, product_sound, product_video, product_video2, product_availability, product_promotion, product_republication, product_fullref, product_codeinterne, product_cptview, product_cptsale, product_periodview, product_periodsale, product_cptbook, product_electrelink, product_distributors, product_amazon, product_pagedescription, product_keywords, product_type, product_hasflipping, product_hasaudio, product_hasvideo, product_writer_id, product_extratitle, product_site_id, product_language, product_width, product_digital, product_digitaltype, product_altref, product_altreference, product_label) VALUES ('900', '7', '0', '0', '6', 'B0403', NULL, NULL, 'AN', 'The Role of the Mother during Gestation (Sunbeam Collection)', '2 audio CDs with brochure - Lecture read in English by Omraam Mikhaël Aïvanhov - 48 pages - 138 x 138 mm', NULL, '\'Throughout her pregnancy, a mother must try to create an atmosphere of purity and light around her child, so that she can work in collaboration with the incoming soul. Even though she cannot see this soul, she can at least talk to it: \"Look, I will help you, I will give you the best materials, but you too can give qualities and virtues to my child so that it may become a magnificent being.\"\\r\\n\'The moment a mother utters these powerful, magical words, specific particles emanate from her and the spirit of the incarnating child takes them so as to build its different bodies. The child itself has nothing, it receives all it needs from its mother. That is why she must be conscious and, by her thoughts and feelings, give it only the most luminous and purest particles.\'', '2007', '978-2-85566-954-0', '/images/products/images_small/403AN.png', '/images/products/images_large/B0403AN.png', NULL, NULL, NULL, '0', '0', NULL, 'B0403AN', 'B403AN', '20311', '41', '20304', '0', '2', NULL, NULL, NULL, NULL, NULL, 'media', '0', '1', '0', '0', NULL, @site_id, 'en', NULL, '0', NULL, 'B0403AN 403AN B403AN 403', NULL, NULL);
INSERT INTO _products (product_id, product_collection_id, product_topic_id, product_country_id, product_language_id, product_reference, product_author, product_name, product_code, product_title, product_description, product_summary, product_contents, product_year, product_isbn, product_image_small, product_image_large, product_sound, product_video, product_video2, product_availability, product_promotion, product_republication, product_fullref, product_codeinterne, product_cptview, product_cptsale, product_periodview, product_periodsale, product_cptbook, product_electrelink, product_distributors, product_amazon, product_pagedescription, product_keywords, product_type, product_hasflipping, product_hasaudio, product_hasvideo, product_writer_id, product_extratitle, product_site_id, product_language, product_width, product_digital, product_digitaltype, product_altref, product_altreference, product_label) VALUES ('901', '7', '0', '0', '6', 'B0404', NULL, NULL, 'AN', 'The Importance of Light (Sunbeam Collection)', '3 audio CDs with brochure - Lecture read in English by Omraam Mikhaël Aïvanhov - 60 pages - 138 x 138 mm', NULL, '\'Ordinary humans nourish themselves only with solid, liquid and gaseous elements. And what do they do with the fourth element, light? Not much, nothing. They don\'t know how to nourish themselves with light which is more important than air. Very few people think about nourishing themselves with light. In the past, everyone ridiculed us because we went to watch the sunrise in order to be nourished with the most important element, light.\\r\\n‘Why must we nourish ourselves with light ? To feed the brain. The brain also wants to eat, and its food is light. We feed the stomach and the whole body with solid and liquid elements ; we feed the lungs with air, and we forget the poor brain. It is nourished only by the solid, liquid and gaseous particles… That is why humans remain ignorant of celestial things, why they don’t understand divine things, why they don’t see clearly : because they haven’t nourished their brains with light. By nourishing the brain with an element as subtle as light, the result is different.’', '2007', '978-2-85566-955-7', '/images/products/images_small/404AN.png', '/images/products/images_large/B0404AN.png', NULL, NULL, NULL, '0', '0', NULL, 'B0404AN', 'B404AN', '25312', '122', '25305', '0', '2', NULL, NULL, NULL, '\'Ordinary humans nourish themselves only with solid, liquid and gaseous elements. And what do they do with the fourth element, light?...', NULL, 'media', '0', '1', '0', '0', NULL, @site_id, 'en', NULL, '0', NULL, 'B0404AN 404AN B404AN 404', NULL, NULL);
INSERT INTO _products (product_id, product_collection_id, product_topic_id, product_country_id, product_language_id, product_reference, product_author, product_name, product_code, product_title, product_description, product_summary, product_contents, product_year, product_isbn, product_image_small, product_image_large, product_sound, product_video, product_video2, product_availability, product_promotion, product_republication, product_fullref, product_codeinterne, product_cptview, product_cptsale, product_periodview, product_periodsale, product_cptbook, product_electrelink, product_distributors, product_amazon, product_pagedescription, product_keywords, product_type, product_hasflipping, product_hasaudio, product_hasvideo, product_writer_id, product_extratitle, product_site_id, product_language, product_width, product_digital, product_digitaltype, product_altref, product_altreference, product_label) VALUES ('926', '7', '0', '0', '6', 'DN7002', NULL, NULL, 'AN', 'DVD NTSC - Only a high ideal brings fulfilment', 'Video lecture in French — Subtitles in 12 languages - DVD NTSC - Length: 40\'', '\'Happiness is like a ball: you keep kicking it and running after it, and just as you are about to catch it, you kick it again... and start running after it all over again. Yes, it is the chase that stimulates you. It is in the quest, in the pursuit of a goal that you find happiness.\\r\\nWhen you get something you want, of course, you are happy for a little while, but that satisfaction is soon followed by a feeling of emptiness, and you start to want something else. Your satisfaction never lasts. So what is the answer? The answer is to set out in pursuit of the farthest and most inaccessible goal: perfection, immensity and eternity. In pursuing this goal, you will find all the things you desire: knowledge, wealth, power and love. Yes, you will find these things without even asking for them.\'', '<b>Subtitles in 12 languages</>\\r\\nDeutsch / English / Español / Français / Italiano / Norsk / Polski / Português / Русский / Română / Български / Českỳ', '2009', NULL, '/images/products/images_small/DN7002AN.png', '/images/products/images_large/DN7002AN.png', NULL, '<object width=\"430\" height=\"358\"><param name=\"FlashVars\" value=\"custom=\"></param><param name=\"movie\" value=\"http://www.wat.tv/swf2/820414FLVue7u2414688\" /><param name=\"allowScriptAccess\" value=\"always\" /><param name=\"allowFullScreen\" value=\"true\" /><embed src=\"http://www.wat.tv/swf2/18845879iq17R2414688\" type=\"application/x-shockwave-flash\" width=\"430\" height=\"358\" allowScriptAccess=\"always\" allowFullScreen=\"true\" FlashVars=\"custom=\"></embed></object>', 'dp7002an.flv', '0', '0', NULL, 'DN7002AN', NULL, '18235', '13', '18235', '0', '2', NULL, '|596|600|', NULL, NULL, NULL, 'media', '0', '0', '1', '0', NULL, @site_id, 'en', '14', '0', NULL, 'DN7002AN 7002AN DN7002AN 7002', NULL, NULL);
INSERT INTO _products (product_id, product_collection_id, product_topic_id, product_country_id, product_language_id, product_reference, product_author, product_name, product_code, product_title, product_description, product_summary, product_contents, product_year, product_isbn, product_image_small, product_image_large, product_sound, product_video, product_video2, product_availability, product_promotion, product_republication, product_fullref, product_codeinterne, product_cptview, product_cptsale, product_periodview, product_periodsale, product_cptbook, product_electrelink, product_distributors, product_amazon, product_pagedescription, product_keywords, product_type, product_hasflipping, product_hasaudio, product_hasvideo, product_writer_id, product_extratitle, product_site_id, product_language, product_width, product_digital, product_digitaltype, product_altref, product_altreference, product_label) VALUES ('1414', '5', '0', '0', '6', 'PQ2015', NULL, NULL, 'AN', 'Daily Meditations 2015', '408 pages - Size: 10 x 16 cm', '<b>27 January:</b>\\r\\n\'Do not expect your equilibrium and salvation to depend on achieving great things. As the possibilities for accomplishing great feats only rarely present themselves, you are likely to wait a long time. It is the little things that turn out to be the most beneficial. There are so many opportunities for little things! It is up to you to find them by paying greater attention and showing kindness to all living creatures, including animals and plants. \\r\\nIt is your love that will save you, and love can be expressed in all the seemingly unimportant gestures you make every day. Each little gesture you make with diligence, sincerity and love is like a creature of light that is always with you.\'', NULL, '2014', 'ISBN 978-2-8184-0324-2', '/images/products/images_small/PQ2015AN.png', '/images/products/images_large/PQ2015AN.png', NULL, NULL, NULL, '0', '0', NULL, 'PQ2015AN', 'Q2015AN', '4402', '36', '4402', '0', '2', NULL, NULL, NULL, '\'Do not expect your equilibrium and salvation to depend on achieving great things. As the possibilities for accomplishing great feats...', NULL, 'book', '0', '0', '0', '0', NULL, @site_id, 'en', '10', '0', NULL, 'PQ2015AN 2015AN PQ2015AN 2015', NULL, NULL);
INSERT INTO _products (product_id, product_collection_id, product_topic_id, product_country_id, product_language_id, product_reference, product_author, product_name, product_code, product_title, product_description, product_summary, product_contents, product_year, product_isbn, product_image_small, product_image_large, product_sound, product_video, product_video2, product_availability, product_promotion, product_republication, product_fullref, product_codeinterne, product_cptview, product_cptsale, product_periodview, product_periodsale, product_cptbook, product_electrelink, product_distributors, product_amazon, product_pagedescription, product_keywords, product_type, product_hasflipping, product_hasaudio, product_hasvideo, product_writer_id, product_extratitle, product_site_id, product_language, product_width, product_digital, product_digitaltype, product_altref, product_altreference, product_label) VALUES ('1238', '7', '0', '0', '6', 'DN7006', NULL, NULL, 'AN', 'DVD NTSC - Good and evil : two forces that drive the wheel of life', 'Good and Evil are the two forces that drive the wheel of life -\\r\\nVideo lecture in French - Subtitles in 11 languages - DVD NTSC - Length: 56\'', '‘Often, in the past, when they wanted to draw water from a well, they used a big wheel to which animals or even men were harnessed. Onlookers would have seen some coming towards them and others moving away from them, and they would have concluded that they were going in opposite directions. But if they could have seen this scene from above, they would have noticed that all of them were going in the same direction and doing one and the same work. \\r\\nIn the same way, it only seems that good and evil are the expressions of contrary currents forever in conflict… The day human beings are able to observe events from above, meaning from the spiritual, initiatic point of view, they will understand that good and evil are two forces harnessed to do the same work of keeping the wheel of life turning…’\\r\\n', '<b>Subtitles in 11 labguages</b>\\r\\nČeštině / Ελληνικά / English / Español / Français / Italiano / Nederlands / Polski / Português / Русский / Română', '2012', NULL, '/images/products/images_small/DN7006AN.png', '/images/products/images_large/DP7006AN.png', NULL, NULL, 'dp7006fr.flv', '0', '0', NULL, 'DN7006AN', 'DVD7006ANN', '3656', '0', '3656', '0', '2', NULL, '|596|600|', NULL, NULL, NULL, 'media', '0', '0', '1', '0', '  ', @site_id, 'en', '14', '0', NULL, 'DN7006AN 7006AN DN7006AN 7006', NULL, NULL);
INSERT INTO _products (product_id, product_collection_id, product_topic_id, product_country_id, product_language_id, product_reference, product_author, product_name, product_code, product_title, product_description, product_summary, product_contents, product_year, product_isbn, product_image_small, product_image_large, product_sound, product_video, product_video2, product_availability, product_promotion, product_republication, product_fullref, product_codeinterne, product_cptview, product_cptsale, product_periodview, product_periodsale, product_cptbook, product_electrelink, product_distributors, product_amazon, product_pagedescription, product_keywords, product_type, product_hasflipping, product_hasaudio, product_hasvideo, product_writer_id, product_extratitle, product_site_id, product_language, product_width, product_digital, product_digitaltype, product_altref, product_altreference, product_label) VALUES ('945', '9', '0', '0', '6', 'T1001', NULL, NULL, 'AN', 'The Life of a Master in the West', 'An Omraam Mikhaël Aïvanhov\'s Biography\\nby Louise-Marie Frenette\\ntranslated from the new French edition\\n', 'This book describes the deeply moving itinerary of an exceptional human being,\\r\\nOmraam Mikhaël Aïvanhov, a man who offered simple but infinitely effective methods to deal with the difficulties of  everyday life.	\\r\\n\\r\\nHis methods respond to our own deep-felt need to love better, to know more, to live healthy lives as members of the truly fraternal human family for which he worked all his life.\\r\\n\\r\\nIt is this, no doubt, that explains the recognition he has gained throughout the world. Every year, hundreds of thousands of readers from every cultural background – agnostic, Christian, Muslim, Buddhist, Jewish, oriental – discover his published talks.\\r\\nSeven years of research among friends of Mikhaël’s youth in Bulgaria and his mature years in France, as well as the study of several thousand documents in the archives of his talks, enable Louise-Marie Frenette to reveal to us this man’s extraordinary power to endow the word \'life’ with a transcendent sense of immediacy and radiant joy.\\r\\n\\r\\nThe author, a novelist and essayist, has given us an exceptional biography,\\r\\nthe most accomplished and most fully documented work about Omraam\\r\\nMikhaël Aïvanhov.', '<b>Part 1: Youth</b><br> \\r\\nEverything is Foreshadowed in Childhood - ‘Hear, my Son’ - The Aspirations of Adolescence - Illumination<br><br>\\r\\n<b>Part 2: The Disciple</b><br>\\r\\nThe Beginning of a New Life - Year After Year I Worked… - The Seven Lakes of Rila - The Wondrous Powers of Thought and Word - I Will Give You a Precious Stone<br><br>\\r\\n<b>Part 3: Brother Mikhaël</b><br>\\r\\nGod Gives Freely - An Attempt at a Fraternal Community - The Conspiracy - Prison - The Beauty We Create Around Us<br><br>\\r\\n<b>Part 4: The Master</b><br>\\r\\nThe Land of the Devas - A Spiritual Master - The Path of Light - A New Springtime of Love - I Am With You Even More Than Before \\r\\n', '2010', '978-0-9842693-0-3', '/images/products/images_small/T1001AN.jpg', '/images/products/images_large/T1001AN.jpg', NULL, NULL, NULL, '0', '1', NULL, 'T1001AN', 'T1001AN', '27318', '72', '27318', '0', '2976', NULL, '|600|2098|', NULL, NULL, NULL, 'book', '1', '0', '0', '0', NULL, @site_id, 'en', NULL, '0', NULL, 'T1001AN 1001AN T1001AN 1001', NULL, NULL);
DELETE FROM _siteproducts WHERE siteproduct_site_id=@site_id;
INSERT INTO _siteproducts (siteproduct_product_id, siteproduct_site_id, siteproduct_fullref, siteproduct_title, siteproduct_extratitle, siteproduct_language, siteproduct_pagedescription, siteproduct_keywords, siteproduct_description, siteproduct_summary, siteproduct_contents, siteproduct_amazon, siteproduct_width, siteproduct_digital, product_digitaltype, siteproduct_altreference, siteproduct_label) VALUES ('775', @site_id, 'AU0224AN', 'The Powers of Thought - Boxed Set', '(Audiobook and Printed Book)', 'en', NULL, NULL, '1 audiobook CD plus 1 printed book (230 pages) in a beautiful custom box', 'The full unabridged book \"The Powers of Thought\"\\nplus a 63-minute audiobook CD of significant extracts, read by Joseph Moscolo and mixed with Bulgarian sacred songs.', NULL, NULL, NULL, '0', NULL, NULL, NULL);
INSERT INTO _siteproducts (siteproduct_product_id, siteproduct_site_id, siteproduct_fullref, siteproduct_title, siteproduct_extratitle, siteproduct_language, siteproduct_pagedescription, siteproduct_keywords, siteproduct_description, siteproduct_summary, siteproduct_contents, siteproduct_amazon, siteproduct_width, siteproduct_digital, product_digitaltype, siteproduct_altreference, siteproduct_label) VALUES ('1578', @site_id, 'DN7010AN', NULL, 'NEW CONFERENCE!', 'en', NULL, NULL, NULL, NULL, NULL, NULL, NULL, '0', NULL, NULL, NULL);
INSERT INTO _siteproducts (siteproduct_product_id, siteproduct_site_id, siteproduct_fullref, siteproduct_title, siteproduct_extratitle, siteproduct_language, siteproduct_pagedescription, siteproduct_keywords, siteproduct_description, siteproduct_summary, siteproduct_contents, siteproduct_amazon, siteproduct_width, siteproduct_digital, product_digitaltype, siteproduct_altreference, siteproduct_label) VALUES ('1621', @site_id, 'P0244AN', NULL, ' - NEW RELEASE !', 'en', NULL, NULL, NULL, NULL, NULL, NULL, NULL, '0', NULL, NULL, NULL);
INSERT INTO _siteproducts (siteproduct_product_id, siteproduct_site_id, siteproduct_fullref, siteproduct_title, siteproduct_extratitle, siteproduct_language, siteproduct_pagedescription, siteproduct_keywords, siteproduct_description, siteproduct_summary, siteproduct_contents, siteproduct_amazon, siteproduct_width, siteproduct_digital, product_digitaltype, siteproduct_altreference, siteproduct_label) VALUES ('948', @site_id, 'CD0224AN', NULL, NULL, 'en', NULL, NULL, 'AUDIO BOOK on CD with 5 essential chapters of the best seller \"The Powers of Thought.\" Read by the famous Joseph Moscolo. Duration 63 min. Bulgarian sacred songs included.', '1. The Reality of Spiritual Work \\n2. How Thought Materializes on the Physical Plane \\n3. The Power of Concentrated Thought \\n4. Foundations of Meditation \\n5. Reaching for the Unattainable \\n\\nBulgarian sacred songs included', NULL, NULL, NULL, '0', NULL, NULL, NULL);
INSERT INTO _siteproducts (siteproduct_product_id, siteproduct_site_id, siteproduct_fullref, siteproduct_title, siteproduct_extratitle, siteproduct_language, siteproduct_pagedescription, siteproduct_keywords, siteproduct_description, siteproduct_summary, siteproduct_contents, siteproduct_amazon, siteproduct_width, siteproduct_digital, product_digitaltype, siteproduct_altreference, siteproduct_label) VALUES ('1087', @site_id, 'AB0001AN', 'A Living Book', '- Autobiographical Reflections - Vol 1', 'en', NULL, NULL, NULL, NULL, NULL, NULL, NULL, '0', NULL, NULL, NULL);
INSERT INTO _siteproducts (siteproduct_product_id, siteproduct_site_id, siteproduct_fullref, siteproduct_title, siteproduct_extratitle, siteproduct_language, siteproduct_pagedescription, siteproduct_keywords, siteproduct_description, siteproduct_summary, siteproduct_contents, siteproduct_amazon, siteproduct_width, siteproduct_digital, product_digitaltype, siteproduct_altreference, siteproduct_label) VALUES ('1394', @site_id, 'DN7008AN', ' 	DVD NTSC - Artistic creation – surpassing oneself', NULL, 'en', NULL, NULL, NULL, NULL, NULL, NULL, NULL, '0', NULL, NULL, NULL);
INSERT INTO _siteproducts (siteproduct_product_id, siteproduct_site_id, siteproduct_fullref, siteproduct_title, siteproduct_extratitle, siteproduct_language, siteproduct_pagedescription, siteproduct_keywords, siteproduct_description, siteproduct_summary, siteproduct_contents, siteproduct_amazon, siteproduct_width, siteproduct_digital, product_digitaltype, siteproduct_altreference, siteproduct_label) VALUES ('1390', @site_id, 'AB0002AN', 'Life with the Master Peter Deunov', '- Autobiographical Reflections - Vol 2', 'en', 'NEW RELEASE! The second volume about the Life of the Master Aïvanhov with his Master Peter Deunov in Bulgaria.', NULL, NULL, NULL, 'I An inspiring encounter - II A prophet confronted by the Church - III The clarity of the spiritual world - IV The eternal student - V Izgrev, in Sofia - VI The first lessons of the mountain: Vitocha - VII What does it mean to have a Master? - VIII Masters and disciples weave the threads of life together - IX Riddles to be solved - X Tarnovo - XI ‘Continue to work in the three worlds’ - XII ‘Where all human beings live as brothers and sisters’ - XIII Summer in the Rila mountains - XIV In the kingdom of living nature - XV In the alchemical furnace - XVI ‘You are made to work with women’ - XVII ‘I possess a jewel of inestimable value’', NULL, NULL, '0', NULL, NULL, NULL);
INSERT INTO _siteproducts (siteproduct_product_id, siteproduct_site_id, siteproduct_fullref, siteproduct_title, siteproduct_extratitle, siteproduct_language, siteproduct_pagedescription, siteproduct_keywords, siteproduct_description, siteproduct_summary, siteproduct_contents, siteproduct_amazon, siteproduct_width, siteproduct_digital, product_digitaltype, siteproduct_altreference, siteproduct_label) VALUES ('898', @site_id, 'B0401AN', NULL, NULL, 'en', NULL, NULL, 'Audio CD with brochure - Lecture read in English by Omraam Mikhaël Aïvanhov - 24 pages - 138 x 138 mm', NULL, NULL, NULL, NULL, '0', NULL, NULL, NULL);
INSERT INTO _siteproducts (siteproduct_product_id, siteproduct_site_id, siteproduct_fullref, siteproduct_title, siteproduct_extratitle, siteproduct_language, siteproduct_pagedescription, siteproduct_keywords, siteproduct_description, siteproduct_summary, siteproduct_contents, siteproduct_amazon, siteproduct_width, siteproduct_digital, product_digitaltype, siteproduct_altreference, siteproduct_label) VALUES ('899', @site_id, 'B0402AN', NULL, NULL, 'en', NULL, NULL, '2 audio CDs with brochure - Lecture read in English by Omraam Mikhaël Aïvanhov - 48 pages - 138 x 138 mm', NULL, NULL, NULL, NULL, '0', NULL, NULL, NULL);
INSERT INTO _siteproducts (siteproduct_product_id, siteproduct_site_id, siteproduct_fullref, siteproduct_title, siteproduct_extratitle, siteproduct_language, siteproduct_pagedescription, siteproduct_keywords, siteproduct_description, siteproduct_summary, siteproduct_contents, siteproduct_amazon, siteproduct_width, siteproduct_digital, product_digitaltype, siteproduct_altreference, siteproduct_label) VALUES ('900', @site_id, 'B0403AN', NULL, NULL, 'en', NULL, NULL, '2 audio CDs with brochure - Lecture read in English by Omraam Mikhaël Aïvanhov - 48 pages - 138 x 138 mm', NULL, NULL, NULL, NULL, '0', NULL, NULL, NULL);
INSERT INTO _siteproducts (siteproduct_product_id, siteproduct_site_id, siteproduct_fullref, siteproduct_title, siteproduct_extratitle, siteproduct_language, siteproduct_pagedescription, siteproduct_keywords, siteproduct_description, siteproduct_summary, siteproduct_contents, siteproduct_amazon, siteproduct_width, siteproduct_digital, product_digitaltype, siteproduct_altreference, siteproduct_label) VALUES ('901', @site_id, 'B0404AN', NULL, NULL, 'en', NULL, NULL, '3 audio CDs with brochure - Lecture read in English by Omraam Mikhaël Aïvanhov - 60 pages - 138 x 138 mm', NULL, NULL, NULL, NULL, '0', NULL, NULL, NULL);
INSERT INTO _siteproducts (siteproduct_product_id, siteproduct_site_id, siteproduct_fullref, siteproduct_title, siteproduct_extratitle, siteproduct_language, siteproduct_pagedescription, siteproduct_keywords, siteproduct_description, siteproduct_summary, siteproduct_contents, siteproduct_amazon, siteproduct_width, siteproduct_digital, product_digitaltype, siteproduct_altreference, siteproduct_label) VALUES ('926', @site_id, 'DN7002AN', 'DVD NTSC - Only a high ideal brings fulfilment', NULL, 'en', NULL, NULL, NULL, NULL, NULL, NULL, NULL, '0', NULL, NULL, NULL);
INSERT INTO _siteproducts (siteproduct_product_id, siteproduct_site_id, siteproduct_fullref, siteproduct_title, siteproduct_extratitle, siteproduct_language, siteproduct_pagedescription, siteproduct_keywords, siteproduct_description, siteproduct_summary, siteproduct_contents, siteproduct_amazon, siteproduct_width, siteproduct_digital, product_digitaltype, siteproduct_altreference, siteproduct_label) VALUES ('1414', @site_id, 'PQ2015AN', 'Daily Meditations 2015', NULL, 'en', NULL, NULL, NULL, NULL, NULL, NULL, NULL, '0', NULL, NULL, NULL);
INSERT INTO _siteproducts (siteproduct_product_id, siteproduct_site_id, siteproduct_fullref, siteproduct_title, siteproduct_extratitle, siteproduct_language, siteproduct_pagedescription, siteproduct_keywords, siteproduct_description, siteproduct_summary, siteproduct_contents, siteproduct_amazon, siteproduct_width, siteproduct_digital, product_digitaltype, siteproduct_altreference, siteproduct_label) VALUES ('1238', @site_id, 'DN7006AN', 'DVD NTSC - Good and evil : two forces that drive the wheel of life', '  ', 'en', NULL, NULL, NULL, NULL, NULL, NULL, NULL, '0', NULL, NULL, NULL);
INSERT INTO _siteproducts (siteproduct_product_id, siteproduct_site_id, siteproduct_fullref, siteproduct_title, siteproduct_extratitle, siteproduct_language, siteproduct_pagedescription, siteproduct_keywords, siteproduct_description, siteproduct_summary, siteproduct_contents, siteproduct_amazon, siteproduct_width, siteproduct_digital, product_digitaltype, siteproduct_altreference, siteproduct_label) VALUES ('945', @site_id, 'T1001AN', 'The Life of a Master in the West', NULL, 'en', NULL, NULL, 'An Omraam Mikhaël Aïvanhov\'s Biography\\nby Louise-Marie Frenette\\ntranslated from the new French edition\\n', NULL, NULL, NULL, NULL, '0', NULL, NULL, NULL);
DELETE FROM _translations WHERE translation_site_id=@site_id;
INSERT INTO _translations (translation_site_id, translation_language_id, translation_name, translation_text) VALUES (@site_id, '5', 'add', 'Order');
INSERT INTO _translations (translation_site_id, translation_language_id, translation_name, translation_text) VALUES (@site_id, '5', 'address', 'Address');
INSERT INTO _translations (translation_site_id, translation_language_id, translation_name, translation_text) VALUES (@site_id, '5', 'Adresse de facturation', 'Invoice Address');
INSERT INTO _translations (translation_site_id, translation_language_id, translation_name, translation_text) VALUES (@site_id, '5', 'Adresse de livraison', 'Delivery Address');
INSERT INTO _translations (translation_site_id, translation_language_id, translation_name, translation_text) VALUES (@site_id, '5', 'Ajouter', 'Add');
INSERT INTO _translations (translation_site_id, translation_language_id, translation_name, translation_text) VALUES (@site_id, '5', 'articles', '|article|articles');
INSERT INTO _translations (translation_site_id, translation_language_id, translation_name, translation_text) VALUES (@site_id, '5', 'auteur', 'Author');
INSERT INTO _translations (translation_site_id, translation_language_id, translation_name, translation_text) VALUES (@site_id, '5', 'basket', 'Basket');
INSERT INTO _translations (translation_site_id, translation_language_id, translation_name, translation_text) VALUES (@site_id, '5', 'bookAccess', 'Back to Bookstore');
INSERT INTO _translations (translation_site_id, translation_language_id, translation_name, translation_text) VALUES (@site_id, '5', 'books', 'Books');
INSERT INTO _translations (translation_site_id, translation_language_id, translation_name, translation_text) VALUES (@site_id, '5', 'capture_title', 'Receive free');
INSERT INTO _translations (translation_site_id, translation_language_id, translation_name, translation_text) VALUES (@site_id, '5', 'Cet article vient d\'être ajouté à votre panier', 'This has been added to your shopping cart');
INSERT INTO _translations (translation_site_id, translation_language_id, translation_name, translation_text) VALUES (@site_id, '5', 'Chercher un article ...', 'Search a post...');
INSERT INTO _translations (translation_site_id, translation_language_id, translation_name, translation_text) VALUES (@site_id, '5', 'Chercher un livre, un CD, un DVD ...', 'Search for a book, CD, DVD...');
INSERT INTO _translations (translation_site_id, translation_language_id, translation_name, translation_text) VALUES (@site_id, '5', 'Choisir un mode de paiement', 'Choose a payment method');
INSERT INTO _translations (translation_site_id, translation_language_id, translation_name, translation_text) VALUES (@site_id, '5', 'ClientDéjàEnregistré', 'If you are already registered, enter your e-mail and password.');
INSERT INTO _translations (translation_site_id, translation_language_id, translation_name, translation_text) VALUES (@site_id, '5', 'codepromo', 'Promotion code');
INSERT INTO _translations (translation_site_id, translation_language_id, translation_name, translation_text) VALUES (@site_id, '5', 'Collection', 'Collection');
INSERT INTO _translations (translation_site_id, translation_language_id, translation_name, translation_text) VALUES (@site_id, '5', 'Commande N', 'Order No.');
INSERT INTO _translations (translation_site_id, translation_language_id, translation_name, translation_text) VALUES (@site_id, '5', 'Commander', 'Payment');
INSERT INTO _translations (translation_site_id, translation_language_id, translation_name, translation_text) VALUES (@site_id, '5', 'Conditions envoi', 'Shipping terms');
INSERT INTO _translations (translation_site_id, translation_language_id, translation_name, translation_text) VALUES (@site_id, '5', 'connexion', 'Connection');
INSERT INTO _translations (translation_site_id, translation_language_id, translation_name, translation_text) VALUES (@site_id, '5', 'Consulter l\'index alphabétique', 'Consult the index');
INSERT INTO _translations (translation_site_id, translation_language_id, translation_name, translation_text) VALUES (@site_id, '5', 'Consulter votre panier', 'View your purchases');
INSERT INTO _translations (translation_site_id, translation_language_id, translation_name, translation_text) VALUES (@site_id, '5', 'consultus', 'Prosveta<br>will contact you');
INSERT INTO _translations (translation_site_id, translation_language_id, translation_name, translation_text) VALUES (@site_id, '5', 'contact_title', 'Please, leave us a message');
INSERT INTO _translations (translation_site_id, translation_language_id, translation_name, translation_text) VALUES (@site_id, '5', 'Continuer sans s\'enregistrer', 'Continue without registering');
INSERT INTO _translations (translation_site_id, translation_language_id, translation_name, translation_text) VALUES (@site_id, '5', 'Continuez vos achats', 'Continue shopping');
INSERT INTO _translations (translation_site_id, translation_language_id, translation_name, translation_text) VALUES (@site_id, '5', 'Copié', 'Copied to the clipboard');
INSERT INTO _translations (translation_site_id, translation_language_id, translation_name, translation_text) VALUES (@site_id, '5', 'Copier', 'Copy');
INSERT INTO _translations (translation_site_id, translation_language_id, translation_name, translation_text) VALUES (@site_id, '5', 'Créer un compte', 'Create an account');
INSERT INTO _translations (translation_site_id, translation_language_id, translation_name, translation_text) VALUES (@site_id, '5', 'deconnexion', 'Disconnect');
INSERT INTO _translations (translation_site_id, translation_language_id, translation_name, translation_text) VALUES (@site_id, '5', 'du', 'on');
INSERT INTO _translations (translation_site_id, translation_language_id, translation_name, translation_text) VALUES (@site_id, '5', 'ebooks', 'ebooks');
INSERT INTO _translations (translation_site_id, translation_language_id, translation_name, translation_text) VALUES (@site_id, '5', 'Extrait audio', 'Audio clip');
INSERT INTO _translations (translation_site_id, translation_language_id, translation_name, translation_text) VALUES (@site_id, '5', 'Extrait vidéo', 'Video clip');
INSERT INTO _translations (translation_site_id, translation_language_id, translation_name, translation_text) VALUES (@site_id, '5', 'identification', 'Identification');
INSERT INTO _translations (translation_site_id, translation_language_id, translation_name, translation_text) VALUES (@site_id, '5', 'Incruster', 'Embed');
INSERT INTO _translations (translation_site_id, translation_language_id, translation_name, translation_text) VALUES (@site_id, '5', 'inscription', 'Create your account!');
INSERT INTO _translations (translation_site_id, translation_language_id, translation_name, translation_text) VALUES (@site_id, '5', 'inscription-accueil', 'I subscribe');
INSERT INTO _translations (translation_site_id, translation_language_id, translation_name, translation_text) VALUES (@site_id, '5', 'inscrire', 'I subscribe');
INSERT INTO _translations (translation_site_id, translation_language_id, translation_name, translation_text) VALUES (@site_id, '5', 'keepconnected', 'Stay connected');
INSERT INTO _translations (translation_site_id, translation_language_id, translation_name, translation_text) VALUES (@site_id, '5', 'Le panier est vide', 'No article');
INSERT INTO _translations (translation_site_id, translation_language_id, translation_name, translation_text) VALUES (@site_id, '5', 'Lire la suite', 'Read more...');
INSERT INTO _translations (translation_site_id, translation_language_id, translation_name, translation_text) VALUES (@site_id, '5', 'Lire une pensée au hasard', 'Read a random thought');
INSERT INTO _translations (translation_site_id, translation_language_id, translation_name, translation_text) VALUES (@site_id, '5', 'Menu principal', 'Main menu');
INSERT INTO _translations (translation_site_id, translation_language_id, translation_name, translation_text) VALUES (@site_id, '5', 'Mode de paiement', 'Payment method');
INSERT INTO _translations (translation_site_id, translation_language_id, translation_name, translation_text) VALUES (@site_id, '5', 'mot de passe oublié !', 'Forgotten password!');
INSERT INTO _translations (translation_site_id, translation_language_id, translation_name, translation_text) VALUES (@site_id, '5', 'nospam', 'We don\'t like spam: your email address will never be given away or sold. By confirming your registration, you agree to receive information from the boxes you have checked. You can unsubscribe by clicking on the link in all our messages.');
INSERT INTO _translations (translation_site_id, translation_language_id, translation_name, translation_text) VALUES (@site_id, '5', 'page inexistante !', 'Page not found!');
INSERT INTO _translations (translation_site_id, translation_language_id, translation_name, translation_text) VALUES (@site_id, '5', 'paiement', 'Confirm');
INSERT INTO _translations (translation_site_id, translation_language_id, translation_name, translation_text) VALUES (@site_id, '5', 'pensées', 'thoughts');
INSERT INTO _translations (translation_site_id, translation_language_id, translation_name, translation_text) VALUES (@site_id, '5', 'Pensées préférées', 'Liked thoughts');
INSERT INTO _translations (translation_site_id, translation_language_id, translation_name, translation_text) VALUES (@site_id, '5', 'Porteur', 'Name on card');
INSERT INTO _translations (translation_site_id, translation_language_id, translation_name, translation_text) VALUES (@site_id, '5', 'Posts préférés', 'Favorite posts');
INSERT INTO _translations (translation_site_id, translation_language_id, translation_name, translation_text) VALUES (@site_id, '5', 'Poursuivre la commande', 'Continue');
INSERT INTO _translations (translation_site_id, translation_language_id, translation_name, translation_text) VALUES (@site_id, '5', 'ReadMore', 'Read more...');
INSERT INTO _translations (translation_site_id, translation_language_id, translation_name, translation_text) VALUES (@site_id, '5', 'Récapitulatif de votre commande', 'Summary of your order');
INSERT INTO _translations (translation_site_id, translation_language_id, translation_name, translation_text) VALUES (@site_id, '5', 'Recherche par mots clés ...', 'Search by keywords');
INSERT INTO _translations (translation_site_id, translation_language_id, translation_name, translation_text) VALUES (@site_id, '5', 'Rechercher une pensée par date', 'Search for a thought by date');
INSERT INTO _translations (translation_site_id, translation_language_id, translation_name, translation_text) VALUES (@site_id, '5', 'Rechercher une pensée...', 'Search a thought...');
INSERT INTO _translations (translation_site_id, translation_language_id, translation_name, translation_text) VALUES (@site_id, '5', 'Rechercher...', 'Search a product...');
INSERT INTO _translations (translation_site_id, translation_language_id, translation_name, translation_text) VALUES (@site_id, '5', 'Retourner à l\'index alphabétique', 'Return to the index');
INSERT INTO _translations (translation_site_id, translation_language_id, translation_name, translation_text) VALUES (@site_id, '5', 'Revenir à la pensée du jour', 'Return to the thought of the day');
INSERT INTO _translations (translation_site_id, translation_language_id, translation_name, translation_text) VALUES (@site_id, '5', 'searchTypeArticle', 'Site text');
INSERT INTO _translations (translation_site_id, translation_language_id, translation_name, translation_text) VALUES (@site_id, '5', 'searchTypeTous', 'All');
INSERT INTO _translations (translation_site_id, translation_language_id, translation_name, translation_text) VALUES (@site_id, '5', 'seeCG', 'See Terms & Conditions');
INSERT INTO _translations (translation_site_id, translation_language_id, translation_name, translation_text) VALUES (@site_id, '5', 'Start with a daily meditation...', 'Start with an uplifting Thought for the day... ');
INSERT INTO _translations (translation_site_id, translation_language_id, translation_name, translation_text) VALUES (@site_id, '5', 'strAccepted', 'I have read and accepted the terms and conditions of sales');
INSERT INTO _translations (translation_site_id, translation_language_id, translation_name, translation_text) VALUES (@site_id, '5', 'strMailing_info', 'Your request has been processed. You will just receive a confirmation shortly.<br>\\nTo receive the messages from <a href=\"http://www.prosveta-usa.com\">www.prosveta-usa.com</a>, check your antispam and authorize mailing@prosveta.com. ');
INSERT INTO _translations (translation_site_id, translation_language_id, translation_name, translation_text) VALUES (@site_id, '5', 'strState', 'State<em>*</em>');
INSERT INTO _translations (translation_site_id, translation_language_id, translation_name, translation_text) VALUES (@site_id, '5', 'strZip', 'Zip');
INSERT INTO _translations (translation_site_id, translation_language_id, translation_name, translation_text) VALUES (@site_id, '5', 'Suivant', 'Continue');
INSERT INTO _translations (translation_site_id, translation_language_id, translation_name, translation_text) VALUES (@site_id, '5', 'Voir aussi', 'See also');
INSERT INTO _translations (translation_site_id, translation_language_id, translation_name, translation_text) VALUES (@site_id, '5', 'Vos commentaires', 'Comments');
INSERT INTO _translations (translation_site_id, translation_language_id, translation_name, translation_text) VALUES (@site_id, '5', 'Vos coordonnées', 'Your details');
INSERT INTO _translations (translation_site_id, translation_language_id, translation_name, translation_text) VALUES (@site_id, '5', 'Votre liste', 'Wish list');
DELETE FROM _localizations WHERE localization_site_id=@site_id;
INSERT INTO _localizations (localization_site_id, localization_type, localization_code, localization_name, localization_dependance, localization_group) VALUES (@site_id, 'country', 'ER', 'Eritrea', NULL, NULL);
INSERT INTO _localizations (localization_site_id, localization_type, localization_code, localization_name, localization_dependance, localization_group) VALUES (@site_id, 'country', 'EH', 'Western Sahara', NULL, NULL);
INSERT INTO _localizations (localization_site_id, localization_type, localization_code, localization_name, localization_dependance, localization_group) VALUES (@site_id, 'country', 'EG', 'Egypt', NULL, NULL);
INSERT INTO _localizations (localization_site_id, localization_type, localization_code, localization_name, localization_dependance, localization_group) VALUES (@site_id, 'country', 'EE', 'Estonia', NULL, NULL);
INSERT INTO _localizations (localization_site_id, localization_type, localization_code, localization_name, localization_dependance, localization_group) VALUES (@site_id, 'country', 'EC', 'Ecuador', NULL, NULL);
INSERT INTO _localizations (localization_site_id, localization_type, localization_code, localization_name, localization_dependance, localization_group) VALUES (@site_id, 'country', 'DZ', 'Algeria', NULL, NULL);
INSERT INTO _localizations (localization_site_id, localization_type, localization_code, localization_name, localization_dependance, localization_group) VALUES (@site_id, 'country', 'DO', 'Dominican Republic', NULL, NULL);
INSERT INTO _localizations (localization_site_id, localization_type, localization_code, localization_name, localization_dependance, localization_group) VALUES (@site_id, 'country', 'DM', 'Dominica', NULL, NULL);
INSERT INTO _localizations (localization_site_id, localization_type, localization_code, localization_name, localization_dependance, localization_group) VALUES (@site_id, 'country', 'DK', 'Denmark', NULL, NULL);
INSERT INTO _localizations (localization_site_id, localization_type, localization_code, localization_name, localization_dependance, localization_group) VALUES (@site_id, 'country', 'DJ', 'Djibouti', NULL, NULL);
INSERT INTO _localizations (localization_site_id, localization_type, localization_code, localization_name, localization_dependance, localization_group) VALUES (@site_id, 'country', 'DE', 'Germany', NULL, NULL);
INSERT INTO _localizations (localization_site_id, localization_type, localization_code, localization_name, localization_dependance, localization_group) VALUES (@site_id, 'country', 'CZ', 'Czech Republic', NULL, NULL);
INSERT INTO _localizations (localization_site_id, localization_type, localization_code, localization_name, localization_dependance, localization_group) VALUES (@site_id, 'country', 'CY', 'Cyprus', NULL, NULL);
INSERT INTO _localizations (localization_site_id, localization_type, localization_code, localization_name, localization_dependance, localization_group) VALUES (@site_id, 'country', 'CX', 'Christmas Island', NULL, NULL);
INSERT INTO _localizations (localization_site_id, localization_type, localization_code, localization_name, localization_dependance, localization_group) VALUES (@site_id, 'country', 'CW', 'Curaçao', NULL, NULL);
INSERT INTO _localizations (localization_site_id, localization_type, localization_code, localization_name, localization_dependance, localization_group) VALUES (@site_id, 'country', 'CV', 'Cape Verde', NULL, NULL);
INSERT INTO _localizations (localization_site_id, localization_type, localization_code, localization_name, localization_dependance, localization_group) VALUES (@site_id, 'country', 'CU', 'Cuba', NULL, NULL);
INSERT INTO _localizations (localization_site_id, localization_type, localization_code, localization_name, localization_dependance, localization_group) VALUES (@site_id, 'country', 'CR', 'Costa Rica', NULL, NULL);
INSERT INTO _localizations (localization_site_id, localization_type, localization_code, localization_name, localization_dependance, localization_group) VALUES (@site_id, 'country', 'CO', 'Colombia', NULL, NULL);
INSERT INTO _localizations (localization_site_id, localization_type, localization_code, localization_name, localization_dependance, localization_group) VALUES (@site_id, 'country', 'CN', 'China', NULL, NULL);
INSERT INTO _localizations (localization_site_id, localization_type, localization_code, localization_name, localization_dependance, localization_group) VALUES (@site_id, 'country', 'CM', 'Cameroon', NULL, NULL);
INSERT INTO _localizations (localization_site_id, localization_type, localization_code, localization_name, localization_dependance, localization_group) VALUES (@site_id, 'country', 'CL', 'Chile', NULL, NULL);
INSERT INTO _localizations (localization_site_id, localization_type, localization_code, localization_name, localization_dependance, localization_group) VALUES (@site_id, 'country', 'CK', 'Cook Islands', NULL, NULL);
INSERT INTO _localizations (localization_site_id, localization_type, localization_code, localization_name, localization_dependance, localization_group) VALUES (@site_id, 'country', 'CI', 'Côte d\'Ivoire', NULL, NULL);
INSERT INTO _localizations (localization_site_id, localization_type, localization_code, localization_name, localization_dependance, localization_group) VALUES (@site_id, 'country', 'CH', 'Switzerland', NULL, NULL);
INSERT INTO _localizations (localization_site_id, localization_type, localization_code, localization_name, localization_dependance, localization_group) VALUES (@site_id, 'country', 'CG', 'Congo (Brazzaville)', NULL, NULL);
INSERT INTO _localizations (localization_site_id, localization_type, localization_code, localization_name, localization_dependance, localization_group) VALUES (@site_id, 'country', 'CF', 'Central African Republic', NULL, NULL);
INSERT INTO _localizations (localization_site_id, localization_type, localization_code, localization_name, localization_dependance, localization_group) VALUES (@site_id, 'country', 'CD', 'Congo (Kinshasa)', NULL, NULL);
INSERT INTO _localizations (localization_site_id, localization_type, localization_code, localization_name, localization_dependance, localization_group) VALUES (@site_id, 'country', 'CC', 'Cocos (Keeling) Islands', NULL, NULL);
INSERT INTO _localizations (localization_site_id, localization_type, localization_code, localization_name, localization_dependance, localization_group) VALUES (@site_id, 'country', 'CA', 'Canada', NULL, NULL);
INSERT INTO _localizations (localization_site_id, localization_type, localization_code, localization_name, localization_dependance, localization_group) VALUES (@site_id, 'country', 'BZ', 'Belize', NULL, NULL);
INSERT INTO _localizations (localization_site_id, localization_type, localization_code, localization_name, localization_dependance, localization_group) VALUES (@site_id, 'country', 'BY', 'Belarus', NULL, NULL);
INSERT INTO _localizations (localization_site_id, localization_type, localization_code, localization_name, localization_dependance, localization_group) VALUES (@site_id, 'country', 'BW', 'Botswana', NULL, NULL);
INSERT INTO _localizations (localization_site_id, localization_type, localization_code, localization_name, localization_dependance, localization_group) VALUES (@site_id, 'country', 'BV', 'Bouvet Island', NULL, NULL);
INSERT INTO _localizations (localization_site_id, localization_type, localization_code, localization_name, localization_dependance, localization_group) VALUES (@site_id, 'country', 'BT', 'Bhutan', NULL, NULL);
INSERT INTO _localizations (localization_site_id, localization_type, localization_code, localization_name, localization_dependance, localization_group) VALUES (@site_id, 'country', 'BS', 'Bahamas', NULL, NULL);
INSERT INTO _localizations (localization_site_id, localization_type, localization_code, localization_name, localization_dependance, localization_group) VALUES (@site_id, 'country', 'BR', 'Brazil', NULL, NULL);
INSERT INTO _localizations (localization_site_id, localization_type, localization_code, localization_name, localization_dependance, localization_group) VALUES (@site_id, 'country', 'BQ', 'Bonaire, Saint Eustatius and Saba', NULL, NULL);
INSERT INTO _localizations (localization_site_id, localization_type, localization_code, localization_name, localization_dependance, localization_group) VALUES (@site_id, 'country', 'BO', 'Bolivia', NULL, NULL);
INSERT INTO _localizations (localization_site_id, localization_type, localization_code, localization_name, localization_dependance, localization_group) VALUES (@site_id, 'country', 'BN', 'Brunei', NULL, NULL);
INSERT INTO _localizations (localization_site_id, localization_type, localization_code, localization_name, localization_dependance, localization_group) VALUES (@site_id, 'country', 'BM', 'Bermuda', NULL, NULL);
INSERT INTO _localizations (localization_site_id, localization_type, localization_code, localization_name, localization_dependance, localization_group) VALUES (@site_id, 'country', 'BL', 'Saint Barthélemy', NULL, NULL);
INSERT INTO _localizations (localization_site_id, localization_type, localization_code, localization_name, localization_dependance, localization_group) VALUES (@site_id, 'country', 'BJ', 'Benin', NULL, NULL);
INSERT INTO _localizations (localization_site_id, localization_type, localization_code, localization_name, localization_dependance, localization_group) VALUES (@site_id, 'country', 'BI', 'Burundi', NULL, NULL);
INSERT INTO _localizations (localization_site_id, localization_type, localization_code, localization_name, localization_dependance, localization_group) VALUES (@site_id, 'country', 'BH', 'Bahrain', NULL, NULL);
INSERT INTO _localizations (localization_site_id, localization_type, localization_code, localization_name, localization_dependance, localization_group) VALUES (@site_id, 'country', 'BG', 'Bulgaria', NULL, NULL);
INSERT INTO _localizations (localization_site_id, localization_type, localization_code, localization_name, localization_dependance, localization_group) VALUES (@site_id, 'country', 'BF', 'Burkina Faso', NULL, NULL);
INSERT INTO _localizations (localization_site_id, localization_type, localization_code, localization_name, localization_dependance, localization_group) VALUES (@site_id, 'country', 'BE', 'Belgium', NULL, NULL);
INSERT INTO _localizations (localization_site_id, localization_type, localization_code, localization_name, localization_dependance, localization_group) VALUES (@site_id, 'country', 'BD', 'Bangladesh', NULL, NULL);
INSERT INTO _localizations (localization_site_id, localization_type, localization_code, localization_name, localization_dependance, localization_group) VALUES (@site_id, 'country', 'BB', 'Barbados', NULL, NULL);
INSERT INTO _localizations (localization_site_id, localization_type, localization_code, localization_name, localization_dependance, localization_group) VALUES (@site_id, 'country', 'BA', 'Bosnia and Herzegovina', NULL, NULL);
INSERT INTO _localizations (localization_site_id, localization_type, localization_code, localization_name, localization_dependance, localization_group) VALUES (@site_id, 'country', 'AZ', 'Azerbaijan', NULL, NULL);
INSERT INTO _localizations (localization_site_id, localization_type, localization_code, localization_name, localization_dependance, localization_group) VALUES (@site_id, 'country', 'AW', 'Aruba', NULL, NULL);
INSERT INTO _localizations (localization_site_id, localization_type, localization_code, localization_name, localization_dependance, localization_group) VALUES (@site_id, 'country', 'AX', 'Aland Islands', NULL, NULL);
INSERT INTO _localizations (localization_site_id, localization_type, localization_code, localization_name, localization_dependance, localization_group) VALUES (@site_id, 'country', 'AU', 'Australia', NULL, NULL);
INSERT INTO _localizations (localization_site_id, localization_type, localization_code, localization_name, localization_dependance, localization_group) VALUES (@site_id, 'country', 'AT', 'Austria', NULL, NULL);
INSERT INTO _localizations (localization_site_id, localization_type, localization_code, localization_name, localization_dependance, localization_group) VALUES (@site_id, 'country', 'AS', 'American Samoa', NULL, NULL);
INSERT INTO _localizations (localization_site_id, localization_type, localization_code, localization_name, localization_dependance, localization_group) VALUES (@site_id, 'country', 'AR', 'Argentina', NULL, NULL);
INSERT INTO _localizations (localization_site_id, localization_type, localization_code, localization_name, localization_dependance, localization_group) VALUES (@site_id, 'country', 'AQ', 'Antarctica', NULL, NULL);
INSERT INTO _localizations (localization_site_id, localization_type, localization_code, localization_name, localization_dependance, localization_group) VALUES (@site_id, 'country', 'AO', 'Angola', NULL, NULL);
INSERT INTO _localizations (localization_site_id, localization_type, localization_code, localization_name, localization_dependance, localization_group) VALUES (@site_id, 'country', 'AM', 'Armenia', NULL, NULL);
INSERT INTO _localizations (localization_site_id, localization_type, localization_code, localization_name, localization_dependance, localization_group) VALUES (@site_id, 'country', 'AL', 'Albania', NULL, NULL);
INSERT INTO _localizations (localization_site_id, localization_type, localization_code, localization_name, localization_dependance, localization_group) VALUES (@site_id, 'country', 'AI', 'Anguilla', NULL, NULL);
INSERT INTO _localizations (localization_site_id, localization_type, localization_code, localization_name, localization_dependance, localization_group) VALUES (@site_id, 'country', 'AD', 'Andorra', NULL, NULL);
INSERT INTO _localizations (localization_site_id, localization_type, localization_code, localization_name, localization_dependance, localization_group) VALUES (@site_id, 'country', 'AE', 'United Arab Emirates', NULL, NULL);
INSERT INTO _localizations (localization_site_id, localization_type, localization_code, localization_name, localization_dependance, localization_group) VALUES (@site_id, 'country', 'AF', 'Afghanistan', NULL, NULL);
INSERT INTO _localizations (localization_site_id, localization_type, localization_code, localization_name, localization_dependance, localization_group) VALUES (@site_id, 'country', 'AG', 'Antigua and Barbuda', NULL, NULL);
INSERT INTO _localizations (localization_site_id, localization_type, localization_code, localization_name, localization_dependance, localization_group) VALUES (@site_id, 'country', 'ZW', 'Zimbabwe', NULL, NULL);
INSERT INTO _localizations (localization_site_id, localization_type, localization_code, localization_name, localization_dependance, localization_group) VALUES (@site_id, 'country', 'ZM', 'Zambia', NULL, NULL);
INSERT INTO _localizations (localization_site_id, localization_type, localization_code, localization_name, localization_dependance, localization_group) VALUES (@site_id, 'country', 'ZA', 'South Africa', NULL, NULL);
INSERT INTO _localizations (localization_site_id, localization_type, localization_code, localization_name, localization_dependance, localization_group) VALUES (@site_id, 'country', 'YT', 'Mayotte', NULL, NULL);
INSERT INTO _localizations (localization_site_id, localization_type, localization_code, localization_name, localization_dependance, localization_group) VALUES (@site_id, 'country', 'YE', 'Yemen', NULL, NULL);
INSERT INTO _localizations (localization_site_id, localization_type, localization_code, localization_name, localization_dependance, localization_group) VALUES (@site_id, 'country', 'WS', 'Samoa', NULL, NULL);
INSERT INTO _localizations (localization_site_id, localization_type, localization_code, localization_name, localization_dependance, localization_group) VALUES (@site_id, 'country', 'WF', 'Wallis and Futuna', NULL, NULL);
INSERT INTO _localizations (localization_site_id, localization_type, localization_code, localization_name, localization_dependance, localization_group) VALUES (@site_id, 'country', 'VU', 'Vanuatu', NULL, NULL);
INSERT INTO _localizations (localization_site_id, localization_type, localization_code, localization_name, localization_dependance, localization_group) VALUES (@site_id, 'country', 'VN', 'Vietnam', NULL, NULL);
INSERT INTO _localizations (localization_site_id, localization_type, localization_code, localization_name, localization_dependance, localization_group) VALUES (@site_id, 'country', 'VI', 'US Virgin Islands', NULL, NULL);
INSERT INTO _localizations (localization_site_id, localization_type, localization_code, localization_name, localization_dependance, localization_group) VALUES (@site_id, 'country', 'VG', 'British Virgin Islands', NULL, NULL);
INSERT INTO _localizations (localization_site_id, localization_type, localization_code, localization_name, localization_dependance, localization_group) VALUES (@site_id, 'country', 'VE', 'Venezuela', NULL, NULL);
INSERT INTO _localizations (localization_site_id, localization_type, localization_code, localization_name, localization_dependance, localization_group) VALUES (@site_id, 'country', 'VC', 'Saint Vincent and the Grenadines', NULL, NULL);
INSERT INTO _localizations (localization_site_id, localization_type, localization_code, localization_name, localization_dependance, localization_group) VALUES (@site_id, 'country', 'VA', 'Vatican City', NULL, NULL);
INSERT INTO _localizations (localization_site_id, localization_type, localization_code, localization_name, localization_dependance, localization_group) VALUES (@site_id, 'country', 'UZ', 'Uzbekistan', NULL, NULL);
INSERT INTO _localizations (localization_site_id, localization_type, localization_code, localization_name, localization_dependance, localization_group) VALUES (@site_id, 'country', 'UY', 'Uruguay', NULL, NULL);
INSERT INTO _localizations (localization_site_id, localization_type, localization_code, localization_name, localization_dependance, localization_group) VALUES (@site_id, 'country', 'US', 'United States', NULL, NULL);
INSERT INTO _localizations (localization_site_id, localization_type, localization_code, localization_name, localization_dependance, localization_group) VALUES (@site_id, 'country', 'UM', 'Wake Island', NULL, NULL);
INSERT INTO _localizations (localization_site_id, localization_type, localization_code, localization_name, localization_dependance, localization_group) VALUES (@site_id, 'country', 'UM', 'Midway Island', NULL, NULL);
INSERT INTO _localizations (localization_site_id, localization_type, localization_code, localization_name, localization_dependance, localization_group) VALUES (@site_id, 'country', 'UM', 'Johnston Island', NULL, NULL);
INSERT INTO _localizations (localization_site_id, localization_type, localization_code, localization_name, localization_dependance, localization_group) VALUES (@site_id, 'country', 'UG', 'Uganda', NULL, NULL);
INSERT INTO _localizations (localization_site_id, localization_type, localization_code, localization_name, localization_dependance, localization_group) VALUES (@site_id, 'country', 'UA', 'Ukraine', NULL, NULL);
INSERT INTO _localizations (localization_site_id, localization_type, localization_code, localization_name, localization_dependance, localization_group) VALUES (@site_id, 'country', 'TZ', 'Tanzania', NULL, NULL);
INSERT INTO _localizations (localization_site_id, localization_type, localization_code, localization_name, localization_dependance, localization_group) VALUES (@site_id, 'country', 'TW', 'Taiwan (Chinese Taipei)', NULL, NULL);
INSERT INTO _localizations (localization_site_id, localization_type, localization_code, localization_name, localization_dependance, localization_group) VALUES (@site_id, 'country', 'TV', 'Tuvalu', NULL, NULL);
INSERT INTO _localizations (localization_site_id, localization_type, localization_code, localization_name, localization_dependance, localization_group) VALUES (@site_id, 'country', 'TT', 'Trinidad and Tobago', NULL, NULL);
INSERT INTO _localizations (localization_site_id, localization_type, localization_code, localization_name, localization_dependance, localization_group) VALUES (@site_id, 'country', 'TR', 'Turkey', NULL, NULL);
INSERT INTO _localizations (localization_site_id, localization_type, localization_code, localization_name, localization_dependance, localization_group) VALUES (@site_id, 'country', 'TO', 'Tonga', NULL, NULL);
INSERT INTO _localizations (localization_site_id, localization_type, localization_code, localization_name, localization_dependance, localization_group) VALUES (@site_id, 'country', 'TN', 'Tunisia', NULL, NULL);
INSERT INTO _localizations (localization_site_id, localization_type, localization_code, localization_name, localization_dependance, localization_group) VALUES (@site_id, 'country', 'TM', 'Turkmenistan', NULL, NULL);
INSERT INTO _localizations (localization_site_id, localization_type, localization_code, localization_name, localization_dependance, localization_group) VALUES (@site_id, 'country', 'TL', 'Timor-Leste', NULL, NULL);
INSERT INTO _localizations (localization_site_id, localization_type, localization_code, localization_name, localization_dependance, localization_group) VALUES (@site_id, 'country', 'TK', 'Tokelau', NULL, NULL);
INSERT INTO _localizations (localization_site_id, localization_type, localization_code, localization_name, localization_dependance, localization_group) VALUES (@site_id, 'country', 'TJ', 'Tajikistan', NULL, NULL);
INSERT INTO _localizations (localization_site_id, localization_type, localization_code, localization_name, localization_dependance, localization_group) VALUES (@site_id, 'country', 'TH', 'Thailand', NULL, NULL);
INSERT INTO _localizations (localization_site_id, localization_type, localization_code, localization_name, localization_dependance, localization_group) VALUES (@site_id, 'country', 'TG', 'Togo', NULL, NULL);
INSERT INTO _localizations (localization_site_id, localization_type, localization_code, localization_name, localization_dependance, localization_group) VALUES (@site_id, 'country', 'TF', 'French Southern and Antarctic Lands', NULL, NULL);
INSERT INTO _localizations (localization_site_id, localization_type, localization_code, localization_name, localization_dependance, localization_group) VALUES (@site_id, 'country', 'TD', 'Chad', NULL, NULL);
INSERT INTO _localizations (localization_site_id, localization_type, localization_code, localization_name, localization_dependance, localization_group) VALUES (@site_id, 'country', 'TC', 'Turks and Caicos Islands', NULL, NULL);
INSERT INTO _localizations (localization_site_id, localization_type, localization_code, localization_name, localization_dependance, localization_group) VALUES (@site_id, 'country', 'SZ', 'Swaziland', NULL, NULL);
INSERT INTO _localizations (localization_site_id, localization_type, localization_code, localization_name, localization_dependance, localization_group) VALUES (@site_id, 'country', 'SY', 'Syria', NULL, NULL);
INSERT INTO _localizations (localization_site_id, localization_type, localization_code, localization_name, localization_dependance, localization_group) VALUES (@site_id, 'country', 'SX', 'Sint Maarten (Netherlands)', NULL, NULL);
INSERT INTO _localizations (localization_site_id, localization_type, localization_code, localization_name, localization_dependance, localization_group) VALUES (@site_id, 'country', 'SV', 'El Salvador', NULL, NULL);
INSERT INTO _localizations (localization_site_id, localization_type, localization_code, localization_name, localization_dependance, localization_group) VALUES (@site_id, 'country', 'ST', 'São Tomé and Príncipe', NULL, NULL);
INSERT INTO _localizations (localization_site_id, localization_type, localization_code, localization_name, localization_dependance, localization_group) VALUES (@site_id, 'country', 'SS', 'South Sudan', NULL, NULL);
INSERT INTO _localizations (localization_site_id, localization_type, localization_code, localization_name, localization_dependance, localization_group) VALUES (@site_id, 'country', 'SR', 'Suriname', NULL, NULL);
INSERT INTO _localizations (localization_site_id, localization_type, localization_code, localization_name, localization_dependance, localization_group) VALUES (@site_id, 'country', 'SO', 'Somalia', NULL, NULL);
INSERT INTO _localizations (localization_site_id, localization_type, localization_code, localization_name, localization_dependance, localization_group) VALUES (@site_id, 'country', 'SN', 'Senegal', NULL, NULL);
INSERT INTO _localizations (localization_site_id, localization_type, localization_code, localization_name, localization_dependance, localization_group) VALUES (@site_id, 'country', 'SM', 'San Marino', NULL, NULL);
INSERT INTO _localizations (localization_site_id, localization_type, localization_code, localization_name, localization_dependance, localization_group) VALUES (@site_id, 'country', 'SL', 'Sierra Leone', NULL, NULL);
INSERT INTO _localizations (localization_site_id, localization_type, localization_code, localization_name, localization_dependance, localization_group) VALUES (@site_id, 'country', 'SK', 'Slovakia', NULL, NULL);
INSERT INTO _localizations (localization_site_id, localization_type, localization_code, localization_name, localization_dependance, localization_group) VALUES (@site_id, 'country', 'SJ', 'Svalbard and Jan Mayen', NULL, NULL);
INSERT INTO _localizations (localization_site_id, localization_type, localization_code, localization_name, localization_dependance, localization_group) VALUES (@site_id, 'country', 'SI', 'Slovenia', NULL, NULL);
INSERT INTO _localizations (localization_site_id, localization_type, localization_code, localization_name, localization_dependance, localization_group) VALUES (@site_id, 'country', 'SH', 'Tristan da Cunha', NULL, NULL);
INSERT INTO _localizations (localization_site_id, localization_type, localization_code, localization_name, localization_dependance, localization_group) VALUES (@site_id, 'country', 'SH', 'Saint Helena', NULL, NULL);
INSERT INTO _localizations (localization_site_id, localization_type, localization_code, localization_name, localization_dependance, localization_group) VALUES (@site_id, 'country', 'SH', 'Ascension', NULL, NULL);
INSERT INTO _localizations (localization_site_id, localization_type, localization_code, localization_name, localization_dependance, localization_group) VALUES (@site_id, 'country', 'SG', 'Singapore', NULL, NULL);
INSERT INTO _localizations (localization_site_id, localization_type, localization_code, localization_name, localization_dependance, localization_group) VALUES (@site_id, 'country', 'SE', 'Sweden', NULL, NULL);
INSERT INTO _localizations (localization_site_id, localization_type, localization_code, localization_name, localization_dependance, localization_group) VALUES (@site_id, 'country', 'SD', 'Sudan', NULL, NULL);
INSERT INTO _localizations (localization_site_id, localization_type, localization_code, localization_name, localization_dependance, localization_group) VALUES (@site_id, 'country', 'SC', 'Seychelles', NULL, NULL);
INSERT INTO _localizations (localization_site_id, localization_type, localization_code, localization_name, localization_dependance, localization_group) VALUES (@site_id, 'country', 'SB', 'Solomon Islands', NULL, NULL);
INSERT INTO _localizations (localization_site_id, localization_type, localization_code, localization_name, localization_dependance, localization_group) VALUES (@site_id, 'country', 'SA', 'Saudi Arabia', NULL, NULL);
INSERT INTO _localizations (localization_site_id, localization_type, localization_code, localization_name, localization_dependance, localization_group) VALUES (@site_id, 'country', 'RW', 'Rwanda', NULL, NULL);
INSERT INTO _localizations (localization_site_id, localization_type, localization_code, localization_name, localization_dependance, localization_group) VALUES (@site_id, 'country', 'RU', 'Russia', NULL, NULL);
INSERT INTO _localizations (localization_site_id, localization_type, localization_code, localization_name, localization_dependance, localization_group) VALUES (@site_id, 'country', 'RS', 'Serbia', NULL, NULL);
INSERT INTO _localizations (localization_site_id, localization_type, localization_code, localization_name, localization_dependance, localization_group) VALUES (@site_id, 'country', 'RO', 'Romania', NULL, NULL);
INSERT INTO _localizations (localization_site_id, localization_type, localization_code, localization_name, localization_dependance, localization_group) VALUES (@site_id, 'country', 'RE', 'Réunion', NULL, NULL);
INSERT INTO _localizations (localization_site_id, localization_type, localization_code, localization_name, localization_dependance, localization_group) VALUES (@site_id, 'country', 'QA', 'Qatar', NULL, NULL);
INSERT INTO _localizations (localization_site_id, localization_type, localization_code, localization_name, localization_dependance, localization_group) VALUES (@site_id, 'country', 'PY', 'Paraguay', NULL, NULL);
INSERT INTO _localizations (localization_site_id, localization_type, localization_code, localization_name, localization_dependance, localization_group) VALUES (@site_id, 'country', 'PW', 'Palau', NULL, NULL);
INSERT INTO _localizations (localization_site_id, localization_type, localization_code, localization_name, localization_dependance, localization_group) VALUES (@site_id, 'country', 'PT', 'Portugal', NULL, NULL);
INSERT INTO _localizations (localization_site_id, localization_type, localization_code, localization_name, localization_dependance, localization_group) VALUES (@site_id, 'country', 'PS', 'Palestine', NULL, NULL);
INSERT INTO _localizations (localization_site_id, localization_type, localization_code, localization_name, localization_dependance, localization_group) VALUES (@site_id, 'country', 'PR', 'Puerto Rico', NULL, NULL);
INSERT INTO _localizations (localization_site_id, localization_type, localization_code, localization_name, localization_dependance, localization_group) VALUES (@site_id, 'country', 'PN', 'Pitcairn Islands', NULL, NULL);
INSERT INTO _localizations (localization_site_id, localization_type, localization_code, localization_name, localization_dependance, localization_group) VALUES (@site_id, 'country', 'PM', 'Saint Pierre and Miquelon', NULL, NULL);
INSERT INTO _localizations (localization_site_id, localization_type, localization_code, localization_name, localization_dependance, localization_group) VALUES (@site_id, 'country', 'PL', 'Poland', NULL, NULL);
INSERT INTO _localizations (localization_site_id, localization_type, localization_code, localization_name, localization_dependance, localization_group) VALUES (@site_id, 'country', 'PK', 'Pakistan', NULL, NULL);
INSERT INTO _localizations (localization_site_id, localization_type, localization_code, localization_name, localization_dependance, localization_group) VALUES (@site_id, 'country', 'PH', 'Philippines', NULL, NULL);
INSERT INTO _localizations (localization_site_id, localization_type, localization_code, localization_name, localization_dependance, localization_group) VALUES (@site_id, 'country', 'PG', 'Papua New Guinea', NULL, NULL);
INSERT INTO _localizations (localization_site_id, localization_type, localization_code, localization_name, localization_dependance, localization_group) VALUES (@site_id, 'country', 'PF', 'French Polynesia', NULL, NULL);
INSERT INTO _localizations (localization_site_id, localization_type, localization_code, localization_name, localization_dependance, localization_group) VALUES (@site_id, 'country', 'PE', 'Peru', NULL, NULL);
INSERT INTO _localizations (localization_site_id, localization_type, localization_code, localization_name, localization_dependance, localization_group) VALUES (@site_id, 'country', 'PA', 'Panama', NULL, NULL);
INSERT INTO _localizations (localization_site_id, localization_type, localization_code, localization_name, localization_dependance, localization_group) VALUES (@site_id, 'country', 'OM', 'Oman', NULL, NULL);
INSERT INTO _localizations (localization_site_id, localization_type, localization_code, localization_name, localization_dependance, localization_group) VALUES (@site_id, 'country', 'NZ', 'New Zealand', NULL, NULL);
INSERT INTO _localizations (localization_site_id, localization_type, localization_code, localization_name, localization_dependance, localization_group) VALUES (@site_id, 'country', 'NU', 'Niue', NULL, NULL);
INSERT INTO _localizations (localization_site_id, localization_type, localization_code, localization_name, localization_dependance, localization_group) VALUES (@site_id, 'country', 'NR', 'Nauru', NULL, NULL);
INSERT INTO _localizations (localization_site_id, localization_type, localization_code, localization_name, localization_dependance, localization_group) VALUES (@site_id, 'country', 'NP', 'Nepal', NULL, NULL);
INSERT INTO _localizations (localization_site_id, localization_type, localization_code, localization_name, localization_dependance, localization_group) VALUES (@site_id, 'country', 'NO', 'Norway', NULL, NULL);
INSERT INTO _localizations (localization_site_id, localization_type, localization_code, localization_name, localization_dependance, localization_group) VALUES (@site_id, 'country', 'NL', 'Netherlands', NULL, NULL);
INSERT INTO _localizations (localization_site_id, localization_type, localization_code, localization_name, localization_dependance, localization_group) VALUES (@site_id, 'country', 'NI', 'Nicaragua', NULL, NULL);
INSERT INTO _localizations (localization_site_id, localization_type, localization_code, localization_name, localization_dependance, localization_group) VALUES (@site_id, 'country', 'NG', 'Nigeria', NULL, NULL);
INSERT INTO _localizations (localization_site_id, localization_type, localization_code, localization_name, localization_dependance, localization_group) VALUES (@site_id, 'country', 'NF', 'Norfolk Island', NULL, NULL);
INSERT INTO _localizations (localization_site_id, localization_type, localization_code, localization_name, localization_dependance, localization_group) VALUES (@site_id, 'country', 'NE', 'Niger', NULL, NULL);
INSERT INTO _localizations (localization_site_id, localization_type, localization_code, localization_name, localization_dependance, localization_group) VALUES (@site_id, 'country', 'NC', 'New Caledonia', NULL, NULL);
INSERT INTO _localizations (localization_site_id, localization_type, localization_code, localization_name, localization_dependance, localization_group) VALUES (@site_id, 'country', 'NA', 'Namibia', NULL, NULL);
INSERT INTO _localizations (localization_site_id, localization_type, localization_code, localization_name, localization_dependance, localization_group) VALUES (@site_id, 'country', 'MZ', 'Mozambique', NULL, NULL);
INSERT INTO _localizations (localization_site_id, localization_type, localization_code, localization_name, localization_dependance, localization_group) VALUES (@site_id, 'country', 'MY', 'Malaysia', NULL, NULL);
INSERT INTO _localizations (localization_site_id, localization_type, localization_code, localization_name, localization_dependance, localization_group) VALUES (@site_id, 'country', 'MX', 'Mexico', NULL, NULL);
INSERT INTO _localizations (localization_site_id, localization_type, localization_code, localization_name, localization_dependance, localization_group) VALUES (@site_id, 'country', 'MV', 'Maldives', NULL, NULL);
INSERT INTO _localizations (localization_site_id, localization_type, localization_code, localization_name, localization_dependance, localization_group) VALUES (@site_id, 'country', 'MW', 'Malawi', NULL, NULL);
INSERT INTO _localizations (localization_site_id, localization_type, localization_code, localization_name, localization_dependance, localization_group) VALUES (@site_id, 'country', 'MU', 'Mauritius', NULL, NULL);
INSERT INTO _localizations (localization_site_id, localization_type, localization_code, localization_name, localization_dependance, localization_group) VALUES (@site_id, 'country', 'MT', 'Malta', NULL, NULL);
INSERT INTO _localizations (localization_site_id, localization_type, localization_code, localization_name, localization_dependance, localization_group) VALUES (@site_id, 'country', 'MS', 'Montserrat', NULL, NULL);
INSERT INTO _localizations (localization_site_id, localization_type, localization_code, localization_name, localization_dependance, localization_group) VALUES (@site_id, 'country', 'MR', 'Mauritania', NULL, NULL);
INSERT INTO _localizations (localization_site_id, localization_type, localization_code, localization_name, localization_dependance, localization_group) VALUES (@site_id, 'country', 'MQ', 'Martinique', NULL, NULL);
INSERT INTO _localizations (localization_site_id, localization_type, localization_code, localization_name, localization_dependance, localization_group) VALUES (@site_id, 'country', 'MP', 'Northern Marianas', NULL, NULL);
INSERT INTO _localizations (localization_site_id, localization_type, localization_code, localization_name, localization_dependance, localization_group) VALUES (@site_id, 'country', 'MO', 'Macao', NULL, NULL);
INSERT INTO _localizations (localization_site_id, localization_type, localization_code, localization_name, localization_dependance, localization_group) VALUES (@site_id, 'country', 'MN', 'Mongolia', NULL, NULL);
INSERT INTO _localizations (localization_site_id, localization_type, localization_code, localization_name, localization_dependance, localization_group) VALUES (@site_id, 'country', 'MM', 'Myanmar', NULL, NULL);
INSERT INTO _localizations (localization_site_id, localization_type, localization_code, localization_name, localization_dependance, localization_group) VALUES (@site_id, 'country', 'ML', 'Mali', NULL, NULL);
INSERT INTO _localizations (localization_site_id, localization_type, localization_code, localization_name, localization_dependance, localization_group) VALUES (@site_id, 'country', 'MK', 'Macedonia', NULL, NULL);
INSERT INTO _localizations (localization_site_id, localization_type, localization_code, localization_name, localization_dependance, localization_group) VALUES (@site_id, 'country', 'MH', 'Marshall Islands', NULL, NULL);
INSERT INTO _localizations (localization_site_id, localization_type, localization_code, localization_name, localization_dependance, localization_group) VALUES (@site_id, 'country', 'MG', 'Madagascar', NULL, NULL);
INSERT INTO _localizations (localization_site_id, localization_type, localization_code, localization_name, localization_dependance, localization_group) VALUES (@site_id, 'country', 'MF', 'Saint Martin (France)', NULL, NULL);
INSERT INTO _localizations (localization_site_id, localization_type, localization_code, localization_name, localization_dependance, localization_group) VALUES (@site_id, 'country', 'ME', 'Montenegro', NULL, NULL);
INSERT INTO _localizations (localization_site_id, localization_type, localization_code, localization_name, localization_dependance, localization_group) VALUES (@site_id, 'country', 'MD', 'Moldova', NULL, NULL);
INSERT INTO _localizations (localization_site_id, localization_type, localization_code, localization_name, localization_dependance, localization_group) VALUES (@site_id, 'country', 'MC', 'Monaco', NULL, NULL);
INSERT INTO _localizations (localization_site_id, localization_type, localization_code, localization_name, localization_dependance, localization_group) VALUES (@site_id, 'country', 'MA', 'Morocco', NULL, NULL);
INSERT INTO _localizations (localization_site_id, localization_type, localization_code, localization_name, localization_dependance, localization_group) VALUES (@site_id, 'country', 'LY', 'Libya', NULL, NULL);
INSERT INTO _localizations (localization_site_id, localization_type, localization_code, localization_name, localization_dependance, localization_group) VALUES (@site_id, 'country', 'LV', 'Latvia', NULL, NULL);
INSERT INTO _localizations (localization_site_id, localization_type, localization_code, localization_name, localization_dependance, localization_group) VALUES (@site_id, 'country', 'LU', 'Luxembourg', NULL, NULL);
INSERT INTO _localizations (localization_site_id, localization_type, localization_code, localization_name, localization_dependance, localization_group) VALUES (@site_id, 'country', 'LT', 'Lithuania', NULL, NULL);
INSERT INTO _localizations (localization_site_id, localization_type, localization_code, localization_name, localization_dependance, localization_group) VALUES (@site_id, 'country', 'LS', 'Lesotho', NULL, NULL);
INSERT INTO _localizations (localization_site_id, localization_type, localization_code, localization_name, localization_dependance, localization_group) VALUES (@site_id, 'country', 'LR', 'Liberia', NULL, NULL);
INSERT INTO _localizations (localization_site_id, localization_type, localization_code, localization_name, localization_dependance, localization_group) VALUES (@site_id, 'country', 'LK', 'Sri Lanka', NULL, NULL);
INSERT INTO _localizations (localization_site_id, localization_type, localization_code, localization_name, localization_dependance, localization_group) VALUES (@site_id, 'country', 'LI', 'Liechtenstein', NULL, NULL);
INSERT INTO _localizations (localization_site_id, localization_type, localization_code, localization_name, localization_dependance, localization_group) VALUES (@site_id, 'country', 'LB', 'Lebanon', NULL, NULL);
INSERT INTO _localizations (localization_site_id, localization_type, localization_code, localization_name, localization_dependance, localization_group) VALUES (@site_id, 'country', 'LC', 'Saint Lucia', NULL, NULL);
INSERT INTO _localizations (localization_site_id, localization_type, localization_code, localization_name, localization_dependance, localization_group) VALUES (@site_id, 'country', 'LA', 'Laos', NULL, NULL);
INSERT INTO _localizations (localization_site_id, localization_type, localization_code, localization_name, localization_dependance, localization_group) VALUES (@site_id, 'country', 'KZ', 'Kazakhstan', NULL, NULL);
INSERT INTO _localizations (localization_site_id, localization_type, localization_code, localization_name, localization_dependance, localization_group) VALUES (@site_id, 'country', 'KY', 'Cayman Islands', NULL, NULL);
INSERT INTO _localizations (localization_site_id, localization_type, localization_code, localization_name, localization_dependance, localization_group) VALUES (@site_id, 'country', 'KW', 'Kuwait', NULL, NULL);
INSERT INTO _localizations (localization_site_id, localization_type, localization_code, localization_name, localization_dependance, localization_group) VALUES (@site_id, 'country', 'KR', 'South Korea', NULL, NULL);
INSERT INTO _localizations (localization_site_id, localization_type, localization_code, localization_name, localization_dependance, localization_group) VALUES (@site_id, 'country', 'KN', 'Saint Kitts and Nevis', NULL, NULL);
INSERT INTO _localizations (localization_site_id, localization_type, localization_code, localization_name, localization_dependance, localization_group) VALUES (@site_id, 'country', 'KP', 'North Korea', NULL, NULL);
INSERT INTO _localizations (localization_site_id, localization_type, localization_code, localization_name, localization_dependance, localization_group) VALUES (@site_id, 'country', 'KM', 'Comoros', NULL, NULL);
INSERT INTO _localizations (localization_site_id, localization_type, localization_code, localization_name, localization_dependance, localization_group) VALUES (@site_id, 'country', 'KI', 'Kiribati', NULL, NULL);
INSERT INTO _localizations (localization_site_id, localization_type, localization_code, localization_name, localization_dependance, localization_group) VALUES (@site_id, 'country', 'KH', 'Cambodia', NULL, NULL);
INSERT INTO _localizations (localization_site_id, localization_type, localization_code, localization_name, localization_dependance, localization_group) VALUES (@site_id, 'country', 'KG', 'Kyrgyzstan', NULL, NULL);
INSERT INTO _localizations (localization_site_id, localization_type, localization_code, localization_name, localization_dependance, localization_group) VALUES (@site_id, 'country', 'KE', 'Kenya', NULL, NULL);
INSERT INTO _localizations (localization_site_id, localization_type, localization_code, localization_name, localization_dependance, localization_group) VALUES (@site_id, 'country', 'JP', 'Japan', NULL, NULL);
INSERT INTO _localizations (localization_site_id, localization_type, localization_code, localization_name, localization_dependance, localization_group) VALUES (@site_id, 'country', 'JO', 'Jordan', NULL, NULL);
INSERT INTO _localizations (localization_site_id, localization_type, localization_code, localization_name, localization_dependance, localization_group) VALUES (@site_id, 'country', 'JM', 'Jamaica', NULL, NULL);
INSERT INTO _localizations (localization_site_id, localization_type, localization_code, localization_name, localization_dependance, localization_group) VALUES (@site_id, 'country', 'JE', 'Jersey', NULL, NULL);
INSERT INTO _localizations (localization_site_id, localization_type, localization_code, localization_name, localization_dependance, localization_group) VALUES (@site_id, 'country', 'IT', 'Italy', NULL, NULL);
INSERT INTO _localizations (localization_site_id, localization_type, localization_code, localization_name, localization_dependance, localization_group) VALUES (@site_id, 'country', 'IS', 'Iceland', NULL, NULL);
INSERT INTO _localizations (localization_site_id, localization_type, localization_code, localization_name, localization_dependance, localization_group) VALUES (@site_id, 'country', 'IR', 'Iran', NULL, NULL);
INSERT INTO _localizations (localization_site_id, localization_type, localization_code, localization_name, localization_dependance, localization_group) VALUES (@site_id, 'country', 'IQ', 'Iraq', NULL, NULL);
INSERT INTO _localizations (localization_site_id, localization_type, localization_code, localization_name, localization_dependance, localization_group) VALUES (@site_id, 'country', 'IN', 'India', NULL, NULL);
INSERT INTO _localizations (localization_site_id, localization_type, localization_code, localization_name, localization_dependance, localization_group) VALUES (@site_id, 'country', 'IO', 'British Territories in the Indian Ocean', NULL, NULL);
INSERT INTO _localizations (localization_site_id, localization_type, localization_code, localization_name, localization_dependance, localization_group) VALUES (@site_id, 'country', 'IM', 'Isle of Man', NULL, NULL);
INSERT INTO _localizations (localization_site_id, localization_type, localization_code, localization_name, localization_dependance, localization_group) VALUES (@site_id, 'country', 'IL', 'Israel', NULL, NULL);
INSERT INTO _localizations (localization_site_id, localization_type, localization_code, localization_name, localization_dependance, localization_group) VALUES (@site_id, 'country', 'IE', 'Ireland', NULL, 'IRELAND');
INSERT INTO _localizations (localization_site_id, localization_type, localization_code, localization_name, localization_dependance, localization_group) VALUES (@site_id, 'country', 'ID', 'Indonesia', NULL, NULL);
INSERT INTO _localizations (localization_site_id, localization_type, localization_code, localization_name, localization_dependance, localization_group) VALUES (@site_id, 'country', 'HU', 'Hungary', NULL, NULL);
INSERT INTO _localizations (localization_site_id, localization_type, localization_code, localization_name, localization_dependance, localization_group) VALUES (@site_id, 'country', 'HT', 'Haiti', NULL, NULL);
INSERT INTO _localizations (localization_site_id, localization_type, localization_code, localization_name, localization_dependance, localization_group) VALUES (@site_id, 'country', 'HR', 'Croatia', NULL, NULL);
INSERT INTO _localizations (localization_site_id, localization_type, localization_code, localization_name, localization_dependance, localization_group) VALUES (@site_id, 'country', 'HN', 'Honduras', NULL, NULL);
INSERT INTO _localizations (localization_site_id, localization_type, localization_code, localization_name, localization_dependance, localization_group) VALUES (@site_id, 'country', 'HM', 'Heard Island and McDonald Islands', NULL, NULL);
INSERT INTO _localizations (localization_site_id, localization_type, localization_code, localization_name, localization_dependance, localization_group) VALUES (@site_id, 'country', 'HK', 'Hong Kong', NULL, NULL);
INSERT INTO _localizations (localization_site_id, localization_type, localization_code, localization_name, localization_dependance, localization_group) VALUES (@site_id, 'country', 'GY', 'Guyana', NULL, NULL);
INSERT INTO _localizations (localization_site_id, localization_type, localization_code, localization_name, localization_dependance, localization_group) VALUES (@site_id, 'country', 'GW', 'Guinea-Bissau', NULL, NULL);
INSERT INTO _localizations (localization_site_id, localization_type, localization_code, localization_name, localization_dependance, localization_group) VALUES (@site_id, 'country', 'GU', 'Guam', NULL, NULL);
INSERT INTO _localizations (localization_site_id, localization_type, localization_code, localization_name, localization_dependance, localization_group) VALUES (@site_id, 'country', 'GT', 'Guatemala', NULL, NULL);
INSERT INTO _localizations (localization_site_id, localization_type, localization_code, localization_name, localization_dependance, localization_group) VALUES (@site_id, 'country', 'GS', 'South Georgia and the South Sandwich Islands', NULL, NULL);
INSERT INTO _localizations (localization_site_id, localization_type, localization_code, localization_name, localization_dependance, localization_group) VALUES (@site_id, 'country', 'GR', 'Greece', NULL, NULL);
INSERT INTO _localizations (localization_site_id, localization_type, localization_code, localization_name, localization_dependance, localization_group) VALUES (@site_id, 'country', 'GQ', 'Equatorial Guinea', NULL, NULL);
INSERT INTO _localizations (localization_site_id, localization_type, localization_code, localization_name, localization_dependance, localization_group) VALUES (@site_id, 'country', 'GP', 'Guadeloupe', NULL, NULL);
INSERT INTO _localizations (localization_site_id, localization_type, localization_code, localization_name, localization_dependance, localization_group) VALUES (@site_id, 'country', 'GN', 'Guinea', NULL, NULL);
INSERT INTO _localizations (localization_site_id, localization_type, localization_code, localization_name, localization_dependance, localization_group) VALUES (@site_id, 'country', 'GM', 'Gambia', NULL, NULL);
INSERT INTO _localizations (localization_site_id, localization_type, localization_code, localization_name, localization_dependance, localization_group) VALUES (@site_id, 'country', 'GL', 'Greenland', NULL, NULL);
INSERT INTO _localizations (localization_site_id, localization_type, localization_code, localization_name, localization_dependance, localization_group) VALUES (@site_id, 'country', 'GI', 'Gibraltar', NULL, NULL);
INSERT INTO _localizations (localization_site_id, localization_type, localization_code, localization_name, localization_dependance, localization_group) VALUES (@site_id, 'country', 'GH', 'Ghana', NULL, NULL);
INSERT INTO _localizations (localization_site_id, localization_type, localization_code, localization_name, localization_dependance, localization_group) VALUES (@site_id, 'country', 'GG', 'Guernsey', NULL, NULL);
INSERT INTO _localizations (localization_site_id, localization_type, localization_code, localization_name, localization_dependance, localization_group) VALUES (@site_id, 'country', 'GF', 'French Guyana', NULL, NULL);
INSERT INTO _localizations (localization_site_id, localization_type, localization_code, localization_name, localization_dependance, localization_group) VALUES (@site_id, 'country', 'GE', 'Georgia', NULL, NULL);
INSERT INTO _localizations (localization_site_id, localization_type, localization_code, localization_name, localization_dependance, localization_group) VALUES (@site_id, 'country', 'GD', 'Grenada', NULL, NULL);
INSERT INTO _localizations (localization_site_id, localization_type, localization_code, localization_name, localization_dependance, localization_group) VALUES (@site_id, 'country', 'GB', 'United Kingdom', NULL, 'GB');
INSERT INTO _localizations (localization_site_id, localization_type, localization_code, localization_name, localization_dependance, localization_group) VALUES (@site_id, 'country', 'GA', 'Gabon', NULL, NULL);
INSERT INTO _localizations (localization_site_id, localization_type, localization_code, localization_name, localization_dependance, localization_group) VALUES (@site_id, 'country', 'FR', 'France', NULL, 'EUROPE');
INSERT INTO _localizations (localization_site_id, localization_type, localization_code, localization_name, localization_dependance, localization_group) VALUES (@site_id, 'country', 'FO', 'Faeroe Islands', NULL, NULL);
INSERT INTO _localizations (localization_site_id, localization_type, localization_code, localization_name, localization_dependance, localization_group) VALUES (@site_id, 'country', 'FM', 'Micronesia', NULL, NULL);
INSERT INTO _localizations (localization_site_id, localization_type, localization_code, localization_name, localization_dependance, localization_group) VALUES (@site_id, 'country', 'FK', 'Falkland Islands', NULL, NULL);
INSERT INTO _localizations (localization_site_id, localization_type, localization_code, localization_name, localization_dependance, localization_group) VALUES (@site_id, 'country', 'FJ', 'Fiji', NULL, NULL);
INSERT INTO _localizations (localization_site_id, localization_type, localization_code, localization_name, localization_dependance, localization_group) VALUES (@site_id, 'country', 'ES', 'Spain', NULL, NULL);
INSERT INTO _localizations (localization_site_id, localization_type, localization_code, localization_name, localization_dependance, localization_group) VALUES (@site_id, 'country', 'ET', 'Ethiopia', NULL, NULL);
INSERT INTO _localizations (localization_site_id, localization_type, localization_code, localization_name, localization_dependance, localization_group) VALUES (@site_id, 'country', 'FI', 'Finland', NULL, NULL);
INSERT INTO _localizations (localization_site_id, localization_type, localization_code, localization_name, localization_dependance, localization_group) VALUES (@site_id, 'state', 'SK', 'SASKATCHEWAN', 'CA', NULL);
INSERT INTO _localizations (localization_site_id, localization_type, localization_code, localization_name, localization_dependance, localization_group) VALUES (@site_id, 'state', 'QC', 'QUEBEC', 'CA', NULL);
INSERT INTO _localizations (localization_site_id, localization_type, localization_code, localization_name, localization_dependance, localization_group) VALUES (@site_id, 'state', 'PE', 'PRINCE EDWARD ISLAND', 'CA', NULL);
INSERT INTO _localizations (localization_site_id, localization_type, localization_code, localization_name, localization_dependance, localization_group) VALUES (@site_id, 'state', 'ON', 'ONTARIO', 'CA', NULL);
INSERT INTO _localizations (localization_site_id, localization_type, localization_code, localization_name, localization_dependance, localization_group) VALUES (@site_id, 'state', 'NS', 'NOVIA SCOTIA', 'CA', NULL);
INSERT INTO _localizations (localization_site_id, localization_type, localization_code, localization_name, localization_dependance, localization_group) VALUES (@site_id, 'state', 'NB', 'NEW BRUNSWICK', 'CA', NULL);
INSERT INTO _localizations (localization_site_id, localization_type, localization_code, localization_name, localization_dependance, localization_group) VALUES (@site_id, 'state', 'NL', 'NEWFOUNDLAND AND LABRADOR', 'CA', NULL);
INSERT INTO _localizations (localization_site_id, localization_type, localization_code, localization_name, localization_dependance, localization_group) VALUES (@site_id, 'state', 'MB', 'MANITOBA', 'CA', NULL);
INSERT INTO _localizations (localization_site_id, localization_type, localization_code, localization_name, localization_dependance, localization_group) VALUES (@site_id, 'state', 'BC', 'BRITISH COLUMBIA', 'CA', NULL);
INSERT INTO _localizations (localization_site_id, localization_type, localization_code, localization_name, localization_dependance, localization_group) VALUES (@site_id, 'state', 'AB', 'ALBERTA', 'CA', NULL);
INSERT INTO _localizations (localization_site_id, localization_type, localization_code, localization_name, localization_dependance, localization_group) VALUES (@site_id, 'state', 'WY', 'WYOMING', 'US', NULL);
INSERT INTO _localizations (localization_site_id, localization_type, localization_code, localization_name, localization_dependance, localization_group) VALUES (@site_id, 'state', 'WV', 'WEST VIRGINIA', 'US', NULL);
INSERT INTO _localizations (localization_site_id, localization_type, localization_code, localization_name, localization_dependance, localization_group) VALUES (@site_id, 'state', 'WI', 'WISCONSIN', 'US', NULL);
INSERT INTO _localizations (localization_site_id, localization_type, localization_code, localization_name, localization_dependance, localization_group) VALUES (@site_id, 'state', 'WA', 'WASHINGTON', 'US', NULL);
INSERT INTO _localizations (localization_site_id, localization_type, localization_code, localization_name, localization_dependance, localization_group) VALUES (@site_id, 'state', 'VT', 'VERMONT', 'US', NULL);
INSERT INTO _localizations (localization_site_id, localization_type, localization_code, localization_name, localization_dependance, localization_group) VALUES (@site_id, 'state', 'VI', 'VIRGIN ISLANDS', 'US', NULL);
INSERT INTO _localizations (localization_site_id, localization_type, localization_code, localization_name, localization_dependance, localization_group) VALUES (@site_id, 'state', 'VA', 'VIRGINIA', 'US', NULL);
INSERT INTO _localizations (localization_site_id, localization_type, localization_code, localization_name, localization_dependance, localization_group) VALUES (@site_id, 'state', 'UT', 'UTAH', 'US', NULL);
INSERT INTO _localizations (localization_site_id, localization_type, localization_code, localization_name, localization_dependance, localization_group) VALUES (@site_id, 'state', 'TX', 'TEXAS', 'US', NULL);
INSERT INTO _localizations (localization_site_id, localization_type, localization_code, localization_name, localization_dependance, localization_group) VALUES (@site_id, 'state', 'TN', 'TENNESSEE', 'US', NULL);
INSERT INTO _localizations (localization_site_id, localization_type, localization_code, localization_name, localization_dependance, localization_group) VALUES (@site_id, 'state', 'SD', 'SOUTH DAKOTA', 'US', NULL);
INSERT INTO _localizations (localization_site_id, localization_type, localization_code, localization_name, localization_dependance, localization_group) VALUES (@site_id, 'state', 'SC', 'SOUTH CAROLINA', 'US', NULL);
INSERT INTO _localizations (localization_site_id, localization_type, localization_code, localization_name, localization_dependance, localization_group) VALUES (@site_id, 'state', 'RI', 'RHODE ISLAND', 'US', NULL);
INSERT INTO _localizations (localization_site_id, localization_type, localization_code, localization_name, localization_dependance, localization_group) VALUES (@site_id, 'state', 'PR', 'PUERTO RICO', 'US', NULL);
INSERT INTO _localizations (localization_site_id, localization_type, localization_code, localization_name, localization_dependance, localization_group) VALUES (@site_id, 'state', 'PA', 'PENNSYLVANIA', 'US', NULL);
INSERT INTO _localizations (localization_site_id, localization_type, localization_code, localization_name, localization_dependance, localization_group) VALUES (@site_id, 'state', 'OR', 'OREGON', 'US', NULL);
INSERT INTO _localizations (localization_site_id, localization_type, localization_code, localization_name, localization_dependance, localization_group) VALUES (@site_id, 'state', 'OK', 'OKLAHOMA', 'US', NULL);
INSERT INTO _localizations (localization_site_id, localization_type, localization_code, localization_name, localization_dependance, localization_group) VALUES (@site_id, 'state', 'OH', 'OHIO', 'US', NULL);
INSERT INTO _localizations (localization_site_id, localization_type, localization_code, localization_name, localization_dependance, localization_group) VALUES (@site_id, 'state', 'NY', 'NEW YORK', 'US', NULL);
INSERT INTO _localizations (localization_site_id, localization_type, localization_code, localization_name, localization_dependance, localization_group) VALUES (@site_id, 'state', 'NV', 'NEVADA', 'US', NULL);
INSERT INTO _localizations (localization_site_id, localization_type, localization_code, localization_name, localization_dependance, localization_group) VALUES (@site_id, 'state', 'ME', 'MAINE', 'US', NULL);
INSERT INTO _localizations (localization_site_id, localization_type, localization_code, localization_name, localization_dependance, localization_group) VALUES (@site_id, 'state', 'MI', 'MICHIGAN', 'US', NULL);
INSERT INTO _localizations (localization_site_id, localization_type, localization_code, localization_name, localization_dependance, localization_group) VALUES (@site_id, 'state', 'MN', 'MINNESOTA', 'US', NULL);
INSERT INTO _localizations (localization_site_id, localization_type, localization_code, localization_name, localization_dependance, localization_group) VALUES (@site_id, 'state', 'MO', 'MISSOURI', 'US', NULL);
INSERT INTO _localizations (localization_site_id, localization_type, localization_code, localization_name, localization_dependance, localization_group) VALUES (@site_id, 'state', 'MS', 'MISSISSIPPI', 'US', NULL);
INSERT INTO _localizations (localization_site_id, localization_type, localization_code, localization_name, localization_dependance, localization_group) VALUES (@site_id, 'state', 'MT', 'MONTANA', 'US', NULL);
INSERT INTO _localizations (localization_site_id, localization_type, localization_code, localization_name, localization_dependance, localization_group) VALUES (@site_id, 'state', 'NC', 'NORTH CAROLINA', 'US', NULL);
INSERT INTO _localizations (localization_site_id, localization_type, localization_code, localization_name, localization_dependance, localization_group) VALUES (@site_id, 'state', 'ND', 'NORTH DAKOTA', 'US', NULL);
INSERT INTO _localizations (localization_site_id, localization_type, localization_code, localization_name, localization_dependance, localization_group) VALUES (@site_id, 'state', 'NE', 'NEBRASKA', 'US', NULL);
INSERT INTO _localizations (localization_site_id, localization_type, localization_code, localization_name, localization_dependance, localization_group) VALUES (@site_id, 'state', 'NH', 'NEW HAMPSHIRE', 'US', NULL);
INSERT INTO _localizations (localization_site_id, localization_type, localization_code, localization_name, localization_dependance, localization_group) VALUES (@site_id, 'state', 'NJ', 'NEW JERSEY', 'US', NULL);
INSERT INTO _localizations (localization_site_id, localization_type, localization_code, localization_name, localization_dependance, localization_group) VALUES (@site_id, 'state', 'NM', 'NEW MEXICO', 'US', NULL);
INSERT INTO _localizations (localization_site_id, localization_type, localization_code, localization_name, localization_dependance, localization_group) VALUES (@site_id, 'state', 'MD', 'MARYLAND', 'US', NULL);
INSERT INTO _localizations (localization_site_id, localization_type, localization_code, localization_name, localization_dependance, localization_group) VALUES (@site_id, 'state', 'MA', 'MASSACHUSETTS', 'US', NULL);
INSERT INTO _localizations (localization_site_id, localization_type, localization_code, localization_name, localization_dependance, localization_group) VALUES (@site_id, 'state', 'LA', 'LOUISIANA', 'US', NULL);
INSERT INTO _localizations (localization_site_id, localization_type, localization_code, localization_name, localization_dependance, localization_group) VALUES (@site_id, 'state', 'KY', 'KENTUCKY', 'US', NULL);
INSERT INTO _localizations (localization_site_id, localization_type, localization_code, localization_name, localization_dependance, localization_group) VALUES (@site_id, 'state', 'KS', 'KANSAS', 'US', NULL);
INSERT INTO _localizations (localization_site_id, localization_type, localization_code, localization_name, localization_dependance, localization_group) VALUES (@site_id, 'state', 'IL', 'ILLINOIS', 'US', NULL);
INSERT INTO _localizations (localization_site_id, localization_type, localization_code, localization_name, localization_dependance, localization_group) VALUES (@site_id, 'state', 'IN', 'INDIANA', 'US', NULL);
INSERT INTO _localizations (localization_site_id, localization_type, localization_code, localization_name, localization_dependance, localization_group) VALUES (@site_id, 'state', 'IA', 'IOWA', 'US', NULL);
INSERT INTO _localizations (localization_site_id, localization_type, localization_code, localization_name, localization_dependance, localization_group) VALUES (@site_id, 'state', 'ID', 'IDAHO', 'US', NULL);
INSERT INTO _localizations (localization_site_id, localization_type, localization_code, localization_name, localization_dependance, localization_group) VALUES (@site_id, 'state', 'HI', 'HAWAII', 'US', NULL);
INSERT INTO _localizations (localization_site_id, localization_type, localization_code, localization_name, localization_dependance, localization_group) VALUES (@site_id, 'state', 'FL', 'FLORIDA', 'US', NULL);
INSERT INTO _localizations (localization_site_id, localization_type, localization_code, localization_name, localization_dependance, localization_group) VALUES (@site_id, 'state', 'GA', 'GEORGIA', 'US', NULL);
INSERT INTO _localizations (localization_site_id, localization_type, localization_code, localization_name, localization_dependance, localization_group) VALUES (@site_id, 'state', 'DE', 'DELAWARE', 'US', NULL);
INSERT INTO _localizations (localization_site_id, localization_type, localization_code, localization_name, localization_dependance, localization_group) VALUES (@site_id, 'state', 'DC', 'DISTRICT OF COLUMBIA', 'US', NULL);
INSERT INTO _localizations (localization_site_id, localization_type, localization_code, localization_name, localization_dependance, localization_group) VALUES (@site_id, 'state', 'CZ', 'CANAL ZONE', 'US', NULL);
INSERT INTO _localizations (localization_site_id, localization_type, localization_code, localization_name, localization_dependance, localization_group) VALUES (@site_id, 'state', 'CT', 'CONNECTICUT', 'US', NULL);
INSERT INTO _localizations (localization_site_id, localization_type, localization_code, localization_name, localization_dependance, localization_group) VALUES (@site_id, 'state', 'CO', 'COLORADO', 'US', NULL);
INSERT INTO _localizations (localization_site_id, localization_type, localization_code, localization_name, localization_dependance, localization_group) VALUES (@site_id, 'state', 'CA', 'CALIFORNIA', 'US', NULL);
INSERT INTO _localizations (localization_site_id, localization_type, localization_code, localization_name, localization_dependance, localization_group) VALUES (@site_id, 'state', 'AZ', 'ARIZONA', 'US', NULL);
INSERT INTO _localizations (localization_site_id, localization_type, localization_code, localization_name, localization_dependance, localization_group) VALUES (@site_id, 'state', 'AR', 'ARKANSAS', 'US', NULL);
INSERT INTO _localizations (localization_site_id, localization_type, localization_code, localization_name, localization_dependance, localization_group) VALUES (@site_id, 'state', 'AL', 'ALABAMA', 'US', NULL);
INSERT INTO _localizations (localization_site_id, localization_type, localization_code, localization_name, localization_dependance, localization_group) VALUES (@site_id, 'state', 'AK', 'ALASKA', 'US', NULL);
DELETE FROM _paymentmodes WHERE payment_site_id=@site_id;
INSERT INTO _paymentmodes (payment_site_id, payment_sort, payment_mode, payment_img, payment_title, payment_identification, payment_currency, payment_logo, payment_test, payment_explainpart, payment_validpart, payment_groups, payment_param) VALUES (@site_id, '4', 'Invoice', NULL, 'Check', NULL, 'USD', NULL, '0', 'check_explain', 'order_notpayed', NULL, NULL);
INSERT INTO _paymentmodes (payment_site_id, payment_sort, payment_mode, payment_img, payment_title, payment_identification, payment_currency, payment_logo, payment_test, payment_explainpart, payment_validpart, payment_groups, payment_param) VALUES (@site_id, '0', 'ConsultUs', 'consultus.png', 'Pro Forma invoice sent', NULL, 'USD', NULL, '0', 'consultus', 'consult_valid', NULL, NULL);
INSERT INTO _paymentmodes (payment_site_id, payment_sort, payment_mode, payment_img, payment_title, payment_identification, payment_currency, payment_logo, payment_test, payment_explainpart, payment_validpart, payment_groups, payment_param) VALUES (@site_id, '2', 'Paypal', NULL, 'Paypal', 'wellspringsoflife@mail.com', 'USD', NULL, '0', 'None', 'order_validate', NULL, NULL);
INSERT INTO _paymentmodes (payment_site_id, payment_sort, payment_mode, payment_img, payment_title, payment_identification, payment_currency, payment_logo, payment_test, payment_explainpart, payment_validpart, payment_groups, payment_param) VALUES (@site_id, '1', 'CB', NULL, 'Credit/Debit Card (only Visa & Mastercard)', NULL, 'USD', NULL, '0', 'CB', 'order_validate', NULL, NULL);
DELETE FROM _variables WHERE variable_site_id=@site_id;
INSERT INTO _variables (variable_site_id, variable_name, variable_description, variable_type, variable_value, variable_source) VALUES (@site_id, '% Annual sale', NULL, 'text', 's:45:\"; Type Discount by total\\n50 => 10%\\n100 => 20%\";', '; Type Discount by total\\n50 => 10%\\n100 => 20%');
INSERT INTO _variables (variable_site_id, variable_name, variable_description, variable_type, variable_value, variable_source) VALUES (@site_id, '10% disc. for orders of $10000 ', '10% discount for orders of $10000 or more', 'discountbytotal', 'a:1:{i:10000;a:1:{i:0;a:2:{s:5:\"total\";s:5:\"10000\";s:8:\"discount\";s:3:\"10%\";}}}', '; Type Discount by total\\n10000 => 10%\\n');
INSERT INTO _variables (variable_site_id, variable_name, variable_description, variable_type, variable_value, variable_source) VALUES (@site_id, 'promo', 'Discount with promo code', 'table', 'a:2:{s:13:\"GOLDENRULEUSA\";a:1:{i:0;a:6:{s:4:\"code\";s:13:\"GOLDENRULEUSA\";s:5:\"label\";s:15:\"Discount of 40%\";s:5:\"start\";s:10:\"2022-02-22\";s:3:\"end\";s:10:\"2022-05-22\";s:6:\"amount\";s:3:\"100\";s:4:\"rate\";s:4:\"0.40\";}}s:3:\"YPS\";a:1:{i:0;a:6:{s:4:\"code\";s:3:\"YPS\";s:5:\"label\";s:15:\"Discount of 50%\";s:5:\"start\";s:10:\"2022-04-02\";s:3:\"end\";s:10:\"2022-07-01\";s:6:\"amount\";s:1:\"1\";s:4:\"rate\";s:4:\"0.50\";}}}', 'code => label => start => end => amount => rate\\n;USA2 => Discount of 10% => 2021-01-01 => 2021-12-31 => 100 => 0.10\\n;USA2 => Discount of 20% => 2021-01-01 => 2021-12-31 => 200 => 0.2\\nGOLDENRULEUSA => Discount of 40% => 2022-02-22 => 2022-05-22 => 100 => 0.40\\nYPS => Discount of 50% => 2022-04-02 => 2022-07-01 => 1 => 0.50');
INSERT INTO _variables (variable_site_id, variable_name, variable_description, variable_type, variable_value, variable_source) VALUES (@site_id, 'Sales tax', 'California sales tax', 'numeric', 's:5:\"0.075\";', '0.075');
